{"id":15893,"date":"2025-01-28T16:21:43","date_gmt":"2025-01-28T15:21:43","guid":{"rendered":"https:\/\/www.audace44.fr\/commande\/?page_id=15893"},"modified":"2025-01-30T10:40:32","modified_gmt":"2025-01-30T09:40:32","slug":"cest-ma-premiere-commande","status":"publish","type":"page","link":"https:\/\/www.audace44.fr\/commande\/cest-ma-premiere-commande\/","title":{"rendered":"C&#8217;est ma premi\u00e8re commande"},"content":{"rendered":"\n<p>Merci de renseigner les champs ci-dessous et de cliquer sur \"Envoyer\".<br>D\u00e8s que votre compte sera cr\u00e9e par nos soins, vous recevrez par email une demande d'activation du mot de passe.<\/p>\n\n\n<div class=\"wpforms-container wpforms-container-full wpforms-block wpforms-block-fd1b4d3e-f266-4e5c-88f1-32a44e842c73 formulairedecontact\" id=\"wpforms-15907\"><form id=\"wpforms-form-15907\" class=\"wpforms-validate wpforms-form\" data-formid=\"15907\" method=\"post\" enctype=\"multipart\/form-data\" action=\"\/commande\/wp-json\/wp\/v2\/pages\/15893\" data-token=\"737d35fa5b0322cb482db17e78b1e0f8\" data-token-time=\"1776528031\"><noscript class=\"wpforms-error-noscript\">Veuillez activer JavaScript dans votre navigateur pour remplir ce formulaire.<\/noscript><div class=\"wpforms-field-container\"><div id=\"wpforms-15907-field_0-container\" class=\"wpforms-field wpforms-field-name\" data-field-id=\"0\"><label class=\"wpforms-field-label\" for=\"wpforms-15907-field_0\">Nom <span class=\"wpforms-required-label\">*<\/span><\/label><div class=\"wpforms-field-row wpforms-field-medium\"><div class=\"wpforms-field-row-block wpforms-first wpforms-one-half\"><input type=\"text\" id=\"wpforms-15907-field_0\" class=\"wpforms-field-name-first wpforms-field-required\" name=\"wpforms[fields][0][first]\" placeholder=\"Pr\u00e9nom\" required><label for=\"wpforms-15907-field_0\" class=\"wpforms-field-sublabel after wpforms-sublabel-hide\">Pr\u00e9nom<\/label><\/div><div class=\"wpforms-field-row-block wpforms-one-half\"><input type=\"text\" id=\"wpforms-15907-field_0-last\" class=\"wpforms-field-name-last wpforms-field-required\" name=\"wpforms[fields][0][last]\" placeholder=\"Nom\" required><label for=\"wpforms-15907-field_0-last\" class=\"wpforms-field-sublabel after wpforms-sublabel-hide\">Nom<\/label><\/div><\/div><\/div><div id=\"wpforms-15907-field_1-container\" class=\"wpforms-field wpforms-field-email\" data-field-id=\"1\"><label class=\"wpforms-field-label\" for=\"wpforms-15907-field_1\">E-mail <span class=\"wpforms-required-label\">*<\/span><\/label><div class=\"wpforms-field-row wpforms-field-medium\"><div class=\"wpforms-field-row-block wpforms-one-half wpforms-first\"><input type=\"email\" id=\"wpforms-15907-field_1\" class=\"wpforms-field-required wpforms-field-email-primary\" data-rule-restricted-email=\"1\" name=\"wpforms[fields][1][primary]\" placeholder=\"E-mail\" spellcheck=\"false\" required><label for=\"wpforms-15907-field_1\" class=\"wpforms-field-sublabel after wpforms-sublabel-hide\">E-mail<\/label><\/div><div class=\"wpforms-field-row-block wpforms-one-half\"><input type=\"email\" id=\"wpforms-15907-field_1-secondary\" class=\"wpforms-field-email-secondary wpforms-field-required\" data-rule-confirm=\"#wpforms-15907-field_1\" name=\"wpforms[fields][1][secondary]\" placeholder=\"Confirmation d&#039;e-mail\" spellcheck=\"false\" required><label for=\"wpforms-15907-field_1-secondary\" class=\"wpforms-field-sublabel after wpforms-sublabel-hide\">Confirmez l\u2019e-mail<\/label><\/div><\/div><\/div><div id=\"wpforms-15907-field_3-container\" class=\"wpforms-field wpforms-field-select wpforms-field-select-style-classic\" data-field-id=\"3\"><label class=\"wpforms-field-label\" for=\"wpforms-15907-field_3\">Objet <span class=\"wpforms-required-label\">*<\/span><\/label><select id=\"wpforms-15907-field_3\" class=\"wpforms-field-medium wpforms-field-required\" name=\"wpforms[fields][3]\" required=\"required\"><option value=\"Je demande une validation de compte\" >Je demande une validation de compte<\/option><\/select><\/div><div id=\"wpforms-15907-field_2-container\" class=\"wpforms-field wpforms-field-textarea\" data-field-id=\"2\"><label class=\"wpforms-field-label\" for=\"wpforms-15907-field_2\">Nom de mon entreprise + code partenaire associ\u00e9 <span class=\"wpforms-required-label\">*<\/span><\/label><textarea id=\"wpforms-15907-field_2\" class=\"wpforms-field-medium wpforms-field-required\" name=\"wpforms[fields][2]\" required><\/textarea><div class=\"wpforms-field-description\">Si je ne connais pas mon code d'entreprise partenaire, je le pr\u00e9cise ici<br>\r\nSans nom d'organisme connu d'Audace, l'adh\u00e9sion est au co\u00fbt de 25 \u20ac<\/div><\/div><div id=\"wpforms-15907-field_4-container\" class=\"wpforms-field wpforms-field-gdpr-checkbox\" data-field-id=\"4\"><ul id=\"wpforms-15907-field_4\" class=\"wpforms-field-required\"><li class=\"choice-1\"><input type=\"checkbox\" id=\"wpforms-15907-field_4_1\" name=\"wpforms[fields][4][]\" value=\"Je consens \u00e0 ce que ce site stocke mes informations envoy\u00e9es afin qu\u2019ils puissent r\u00e9pondre \u00e0 ma requ\u00eate.\" required ><label class=\"wpforms-field-label-inline\" for=\"wpforms-15907-field_4_1\">Je consens \u00e0 ce que ce site stocke mes informations envoy\u00e9es afin qu\u2019ils puissent r\u00e9pondre \u00e0 ma requ\u00eate.<\/label><\/li><\/ul><\/div><\/div><!-- .wpforms-field-container --><div class=\"wpforms-recaptcha-container wpforms-is-recaptcha wpforms-is-recaptcha-type-v2\" ><div class=\"g-recaptcha\" data-sitekey=\"6LfdqscZAAAAAP_3jQ1HIxucU3rAEQX551ne4iTN\"><\/div><input type=\"text\" name=\"g-recaptcha-hidden\" class=\"wpforms-recaptcha-hidden\" style=\"position:absolute!important;clip:rect(0,0,0,0)!important;height:1px!important;width:1px!important;border:0!important;overflow:hidden!important;padding:0!important;margin:0!important;\" data-rule-recaptcha=\"1\"><\/div><div class=\"wpforms-submit-container\" ><input type=\"hidden\" name=\"wpforms[id]\" value=\"15907\"><input type=\"hidden\" name=\"page_title\" value=\"\"><input type=\"hidden\" name=\"page_url\" value=\"https:\/\/www.audace44.fr\/commande\/wp-json\/wp\/v2\/pages\/15893\"><button type=\"submit\" name=\"wpforms[submit]\" id=\"wpforms-submit-15907\" class=\"wpforms-submit bouton_d_envoi\" data-alt-text=\"Envoi...\" data-submit-text=\"Envoyer\" aria-live=\"assertive\" value=\"wpforms-submit\">Envoyer<\/button><\/div><\/form><\/div>  <!-- .wpforms-container -->\n\n\n<p>Par la suite, vous aurez simplement besoin de vous connecter avec votre email et mot de passe pour valider votre commande.<\/p>\n","protected":false},"excerpt":{"rendered":"<p>Merci de renseigner les champs ci-dessous et de cliquer sur &#8220;Envoyer&#8221;.D\u00e8s que votre compte sera cr\u00e9e par nos soins, vous recevrez par email une demande d&#8217;activation du mot de passe. Par la suite, vous aurez simplement besoin de vous connecter avec votre email et mot de passe pour valider votre commande.<\/p>\n","protected":false},"author":184,"featured_media":0,"parent":0,"menu_order":0,"comment_status":"closed","ping_status":"closed","template":"","meta":{"footnotes":""},"_links":{"self":[{"href":"https:\/\/www.audace44.fr\/commande\/wp-json\/wp\/v2\/pages\/15893"}],"collection":[{"href":"https:\/\/www.audace44.fr\/commande\/wp-json\/wp\/v2\/pages"}],"about":[{"href":"https:\/\/www.audace44.fr\/commande\/wp-json\/wp\/v2\/types\/page"}],"author":[{"embeddable":true,"href":"https:\/\/www.audace44.fr\/commande\/wp-json\/wp\/v2\/users\/184"}],"replies":[{"embeddable":true,"href":"https:\/\/www.audace44.fr\/commande\/wp-json\/wp\/v2\/comments?post=15893"}],"version-history":[{"count":10,"href":"https:\/\/www.audace44.fr\/commande\/wp-json\/wp\/v2\/pages\/15893\/revisions"}],"predecessor-version":[{"id":15920,"href":"https:\/\/www.audace44.fr\/commande\/wp-json\/wp\/v2\/pages\/15893\/revisions\/15920"}],"wp:attachment":[{"href":"https:\/\/www.audace44.fr\/commande\/wp-json\/wp\/v2\/media?parent=15893"}],"curies":[{"name":"wp","href":"https:\/\/api.w.org\/{rel}","templated":true}]}}