{"id":10375,"date":"2024-06-11T14:19:24","date_gmt":"2024-06-11T12:19:24","guid":{"rendered":"https:\/\/www.audace44.fr\/commande\/?post_type=product&#038;p=10375"},"modified":"2025-01-28T15:27:45","modified_gmt":"2025-01-28T14:27:45","slug":"tv-quiz-nantes","status":"publish","type":"product","link":"https:\/\/www.audace44.fr\/commande\/produit\/tv-quiz-nantes\/","title":{"rendered":"TV Quiz Nantes"},"content":{"rendered":"<p>Vivez une parenth\u00e8se hors du quotidien ! Nos salles de quiz s\u2019inspirent des plus grands jeux t\u00e9l\u00e9vis\u00e9s de ces derni\u00e8res ann\u00e9es. Vous serez sous le feu des projecteurs dans une ambiance de folie. En famille, entre amis ou coll\u00e8gues, seul ou en \u00e9quipe, affrontez-vous sur nos plateaux de t\u00e9l\u00e9vision pouvant accueillir de 4 \u00e0 36 joueurs.<\/p>\n<p>Alors pr\u00eats \u00e0 tenter l\u2019exp\u00e9rience avec Tv Quiz ?<\/p>\n<p>Ce qui est s\u00fbr, c\u2019est que vous vous en souviendrez !<\/p>\n<p><strong>10 % de remise avec le code AUDACE44<\/strong><\/p>\n<p>Infos pratiques<\/p>\n<ul>\n<li>Ouvert tous les jours de 10h00 \u00e0 minuit<\/li>\n<li>Adresse\u00a0: 1 rue Leon Durocher \u00e0 deux pas de l\u2019\u00e9l\u00e9phant<\/li>\n<li>Parking \u00e0 proximit\u00e9<\/li>\n<li>Accessible aux enfants \u00e0 partir de 8 ans<\/li>\n<\/ul>\n<p>R\u00e9servation via notre site : <a href=\"https:\/\/nantes.tv-quiz.fr\/\">https:\/\/nantes.tv-quiz.fr\/<\/a>\u00a0 ou par t\u00e9l\u00e9phone au 0251722009<\/p>\n","protected":false},"excerpt":{"rendered":"<p>Vivez une parenth\u00e8se hors du quotidien !<\/p>\n<p>En famille, entre amis ou coll\u00e8gues, seul ou en \u00e9quipe, affrontez-vous sur nos plateaux de t\u00e9l\u00e9vision.<\/p>\n<p>10 % de remise avec le code Audace.<\/p>\n","protected":false},"featured_media":14683,"template":"","meta":[],"product_cat":[121,83,84,81,71],"product_tag":[],"_links":{"self":[{"href":"https:\/\/www.audace44.fr\/commande\/wp-json\/wp\/v2\/product\/10375"}],"collection":[{"href":"https:\/\/www.audace44.fr\/commande\/wp-json\/wp\/v2\/product"}],"about":[{"href":"https:\/\/www.audace44.fr\/commande\/wp-json\/wp\/v2\/types\/product"}],"wp:featuredmedia":[{"embeddable":true,"href":"https:\/\/www.audace44.fr\/commande\/wp-json\/wp\/v2\/media\/14683"}],"wp:attachment":[{"href":"https:\/\/www.audace44.fr\/commande\/wp-json\/wp\/v2\/media?parent=10375"}],"wp:term":[{"taxonomy":"product_cat","embeddable":true,"href":"https:\/\/www.audace44.fr\/commande\/wp-json\/wp\/v2\/product_cat?post=10375"},{"taxonomy":"product_tag","embeddable":true,"href":"https:\/\/www.audace44.fr\/commande\/wp-json\/wp\/v2\/product_tag?post=10375"}],"curies":[{"name":"wp","href":"https:\/\/api.w.org\/{rel}","templated":true}]}}