{"id":10416,"date":"2022-07-18T10:09:28","date_gmt":"2022-07-18T08:09:28","guid":{"rendered":"https:\/\/www.audace44.fr\/commande\/?post_type=product&#038;p=10416"},"modified":"2025-09-11T14:30:57","modified_gmt":"2025-09-11T12:30:57","slug":"aquaboulevard","status":"publish","type":"product","link":"https:\/\/www.audace44.fr\/commande\/produit\/aquaboulevard\/","title":{"rendered":"Aquaboulevard"},"content":{"rendered":"<p><strong>BILLET ESCALE adulte (\u00e0 partir de 12 ans) et enfant (3 \u00e0 11 ans)<\/strong><\/p>\n<p>Le billet Escale permet un acc\u00e8s \u00e0 la journ\u00e9e au parc aquatique Aquaboulevard de Paris.<\/p>\n<p>Toute sortie est d\u00e9finitive.<\/p>\n<p>Avantages pour les porteurs de Pr\u00e9-Billetterie du parc aquatique Aquaboulevard :<br \/>\n\u2022 Caisse prioritaire \u00ab coupe file \u00bb<br \/>\n\u2022\u00a0Tarif remis\u00e9 par rapport au tarif public<br \/>\n\u2022 Tarif unique Semaine \/ Week End \/ Jours F\u00e9ri\u00e9s \/ Vacances Scolaires, valable pour toutes les saisons<\/p>\n<p><strong><em>Envoi de votre entr\u00e9e directement dans votre bo\u00eete Mail 48h apr\u00e8s votre r\u00e8glement (les jours d'ouverture d'Audace).<\/em><\/strong><\/p>\n<p>Une fois re\u00e7u, vous pouvez soit pr\u00e9senter votre e-billet pr\u00e9alablement enregistr\u00e9 sur votre smartphone soit imprimer votre e-billet pour acc\u00e9der au centre parc.<\/p>\n","protected":false},"excerpt":{"rendered":"<p>e-billets Aquaboulevard Paris.<\/p>\n<p>Parc aquatique<\/p>\n","protected":false},"featured_media":10419,"template":"","meta":[],"product_cat":[82,89],"product_tag":[],"_links":{"self":[{"href":"https:\/\/www.audace44.fr\/commande\/wp-json\/wp\/v2\/product\/10416"}],"collection":[{"href":"https:\/\/www.audace44.fr\/commande\/wp-json\/wp\/v2\/product"}],"about":[{"href":"https:\/\/www.audace44.fr\/commande\/wp-json\/wp\/v2\/types\/product"}],"wp:featuredmedia":[{"embeddable":true,"href":"https:\/\/www.audace44.fr\/commande\/wp-json\/wp\/v2\/media\/10419"}],"wp:attachment":[{"href":"https:\/\/www.audace44.fr\/commande\/wp-json\/wp\/v2\/media?parent=10416"}],"wp:term":[{"taxonomy":"product_cat","embeddable":true,"href":"https:\/\/www.audace44.fr\/commande\/wp-json\/wp\/v2\/product_cat?post=10416"},{"taxonomy":"product_tag","embeddable":true,"href":"https:\/\/www.audace44.fr\/commande\/wp-json\/wp\/v2\/product_tag?post=10416"}],"curies":[{"name":"wp","href":"https:\/\/api.w.org\/{rel}","templated":true}]}}