{"id":12804,"date":"2023-09-26T11:25:01","date_gmt":"2023-09-26T09:25:01","guid":{"rendered":"https:\/\/www.audace44.fr\/commande\/?post_type=product&#038;p=12804"},"modified":"2024-06-27T15:51:10","modified_gmt":"2024-06-27T13:51:10","slug":"croisieres-st-felix","status":"publish","type":"product","link":"https:\/\/www.audace44.fr\/commande\/produit\/croisieres-st-felix\/","title":{"rendered":"Croisi\u00e8res St F\u00e9lix"},"content":{"rendered":"<p><em>Bas\u00e9es au ponton Belem, face aux Machines de l\u2019ile, les Croisi\u00e8res Saint-F\u00e9lix vous embarquent sur la Loire afin de d\u00e9couvrir Nantes sous un nouvel angle. <\/em><\/p>\n<p><em>Accompagn\u00e9 par nos guides sur chacun de nos d\u00e9parts d\u2019avril \u00e0 octobre, vous tomberez sous le charme de l\u2019histoire portuaire de notre cit\u00e9 ainsi que de ses saveurs, par nos d\u00e9gustations de produits locaux. <\/em><\/p>\n<p><em>Entre nos balades cont\u00e9es, nos ap\u00e9ros gourmands, nos travers\u00e9es souterraines ainsi que nous \u00e9v\u00e9nements, vous trouverez forc\u00e9ment chaussure \u00e0 votre pied\u00a0!\u00a0<\/em><\/p>\n<p><em>\u00a0<\/em><em>R\u00e9servation en ligne\u00a0: \u00a0<a href=\"https:\/\/www.croisieressaintfelix.fr\/\" target=\"_blank\" rel=\"noopener\">https:\/\/www.croisieressaintfelix.fr\/<\/a><\/em><\/p>\n<p><em>Contact\u00a0: 06 62 05 64 86 \/\/ <a href=\"mailto:contact@croisieressaintfelix.fr\" target=\"_blank\" rel=\"noopener\">contact@croisieressaintfelix.fr<\/a> <\/em><\/p>\n<p>Code promo ( - 25%) pour la saison\u00a0 <strong>Aucade44CSF2024<\/strong><\/p>\n","protected":false},"excerpt":{"rendered":"<p>Croisi\u00e8res St F\u00e9lix.<\/p>\n<p>-25 %<\/p>\n","protected":false},"featured_media":12805,"template":"","meta":[],"product_cat":[84,92,86,96],"product_tag":[],"_links":{"self":[{"href":"https:\/\/www.audace44.fr\/commande\/wp-json\/wp\/v2\/product\/12804"}],"collection":[{"href":"https:\/\/www.audace44.fr\/commande\/wp-json\/wp\/v2\/product"}],"about":[{"href":"https:\/\/www.audace44.fr\/commande\/wp-json\/wp\/v2\/types\/product"}],"wp:featuredmedia":[{"embeddable":true,"href":"https:\/\/www.audace44.fr\/commande\/wp-json\/wp\/v2\/media\/12805"}],"wp:attachment":[{"href":"https:\/\/www.audace44.fr\/commande\/wp-json\/wp\/v2\/media?parent=12804"}],"wp:term":[{"taxonomy":"product_cat","embeddable":true,"href":"https:\/\/www.audace44.fr\/commande\/wp-json\/wp\/v2\/product_cat?post=12804"},{"taxonomy":"product_tag","embeddable":true,"href":"https:\/\/www.audace44.fr\/commande\/wp-json\/wp\/v2\/product_tag?post=12804"}],"curies":[{"name":"wp","href":"https:\/\/api.w.org\/{rel}","templated":true}]}}