{"id":12966,"date":"2023-10-25T15:14:59","date_gmt":"2023-10-25T13:14:59","guid":{"rendered":"https:\/\/www.audace44.fr\/commande\/?post_type=product&#038;p=12966"},"modified":"2024-02-21T12:24:49","modified_gmt":"2024-02-21T11:24:49","slug":"le-semaphore-music-hall","status":"publish","type":"product","link":"https:\/\/www.audace44.fr\/commande\/produit\/le-semaphore-music-hall\/","title":{"rendered":"Le S\u00e9maphore &#8211; Music-hall"},"content":{"rendered":"<p>La salle S\u00e9maphore compl\u00e8tement r\u00e9nov\u00e9 pendant l'\u00e9t\u00e9 2022, offre des spectacles de Music-hall m\u00ealant humour, chant, danse et show ambianceur.<\/p>\n<p>Avec une capacit\u00e9 de 278 places profitez de l'intimit\u00e9 et de la proximit\u00e9 avec les artistes le temps d'une soir\u00e9e.<\/p>\n<p><strong>Jusqu'au 8\/12\/23 1 place achet\u00e9e = 1 place offerte !<\/strong><\/p>\n<p>Int\u00e9gralit\u00e9 de la programmation: <a href=\"https:\/\/semaphore-nantes.fr\/\" target=\"_blank\" rel=\"noopener\">https:\/\/semaphore-nantes.fr\/<\/a><\/p>\n<p>Nous contacter pour obtenir les tarifs exacts par spectacle.<\/p>\n","protected":false},"excerpt":{"rendered":"<p>Music-Hall &#8211; Le S\u00e9maphore<\/p>\n<p>Espace Beaulieu Nantes<\/p>\n<p>-2 \u20ac par billets<\/p>\n","protected":false},"featured_media":12967,"template":"","meta":[],"product_cat":[119,84],"product_tag":[],"_links":{"self":[{"href":"https:\/\/www.audace44.fr\/commande\/wp-json\/wp\/v2\/product\/12966"}],"collection":[{"href":"https:\/\/www.audace44.fr\/commande\/wp-json\/wp\/v2\/product"}],"about":[{"href":"https:\/\/www.audace44.fr\/commande\/wp-json\/wp\/v2\/types\/product"}],"wp:featuredmedia":[{"embeddable":true,"href":"https:\/\/www.audace44.fr\/commande\/wp-json\/wp\/v2\/media\/12967"}],"wp:attachment":[{"href":"https:\/\/www.audace44.fr\/commande\/wp-json\/wp\/v2\/media?parent=12966"}],"wp:term":[{"taxonomy":"product_cat","embeddable":true,"href":"https:\/\/www.audace44.fr\/commande\/wp-json\/wp\/v2\/product_cat?post=12966"},{"taxonomy":"product_tag","embeddable":true,"href":"https:\/\/www.audace44.fr\/commande\/wp-json\/wp\/v2\/product_tag?post=12966"}],"curies":[{"name":"wp","href":"https:\/\/api.w.org\/{rel}","templated":true}]}}