{"id":13424,"date":"2024-01-23T11:30:14","date_gmt":"2024-01-23T10:30:14","guid":{"rendered":"https:\/\/www.audace44.fr\/commande\/?post_type=product&#038;p=13424"},"modified":"2024-02-21T12:24:49","modified_gmt":"2024-02-21T11:24:49","slug":"skipower","status":"publish","type":"product","link":"https:\/\/www.audace44.fr\/commande\/produit\/skipower\/","title":{"rendered":"SKIPOWER"},"content":{"rendered":"<p>La carte Skipower te permet de b\u00e9n\u00e9ficier\u00a0<strong>de remises exclusives sur ton forfait de ski<\/strong>\u00a0mais aussi\u00a0<strong>de promos chez nos partenaires<\/strong>\u00a0d\u2019h\u00e9bergement, de location de mat\u00e9riel de ski et m\u00eame de cours de ski !<\/p>\n<p>Vous pouvez b\u00e9n\u00e9ficier de nos remises sur <a href=\"https:\/\/skipower.ski\/\">https:\/\/skipower.ski\/<\/a>, vous utiliser le code suivant : <strong>SKIPOWERCSEJ<\/strong><\/p>\n<p>Forfaits \u00e0 prix r\u00e9duits dans plus de 150 stations.<\/p>\n","protected":false},"excerpt":{"rendered":"<p>Des r\u00e9ductions sur les forfaits<\/p>\n","protected":false},"featured_media":13425,"template":"","meta":[],"product_cat":[120,86],"product_tag":[],"_links":{"self":[{"href":"https:\/\/www.audace44.fr\/commande\/wp-json\/wp\/v2\/product\/13424"}],"collection":[{"href":"https:\/\/www.audace44.fr\/commande\/wp-json\/wp\/v2\/product"}],"about":[{"href":"https:\/\/www.audace44.fr\/commande\/wp-json\/wp\/v2\/types\/product"}],"wp:featuredmedia":[{"embeddable":true,"href":"https:\/\/www.audace44.fr\/commande\/wp-json\/wp\/v2\/media\/13425"}],"wp:attachment":[{"href":"https:\/\/www.audace44.fr\/commande\/wp-json\/wp\/v2\/media?parent=13424"}],"wp:term":[{"taxonomy":"product_cat","embeddable":true,"href":"https:\/\/www.audace44.fr\/commande\/wp-json\/wp\/v2\/product_cat?post=13424"},{"taxonomy":"product_tag","embeddable":true,"href":"https:\/\/www.audace44.fr\/commande\/wp-json\/wp\/v2\/product_tag?post=13424"}],"curies":[{"name":"wp","href":"https:\/\/api.w.org\/{rel}","templated":true}]}}