{"id":14110,"date":"2024-04-26T12:30:37","date_gmt":"2024-04-26T10:30:37","guid":{"rendered":"https:\/\/www.audace44.fr\/commande\/?post_type=product&#038;p=14110"},"modified":"2024-12-12T14:58:18","modified_gmt":"2024-12-12T13:58:18","slug":"les-pas-dchichi","status":"publish","type":"product","link":"https:\/\/www.audace44.fr\/commande\/produit\/les-pas-dchichi\/","title":{"rendered":"Les Pas d&#8217;Chichi"},"content":{"rendered":"<p><strong>[ C\u2019est QUOI un Pas d\u2019Chichi ? ]<\/strong><br \/>\nLe Pas d\u2019Chichi est une proth\u00e8se capillaire partielle r\u00e9alis\u00e9e, en France, avec VOS PROPRES CHEVEUX, par une perruqui\u00e8re, permettant de dissimuler votre perte de cheveux li\u00e9e \u00e0 des traitements de chimioth\u00e9rapie ou alop\u00e9cie.<br \/>\nLe processus est assez simple :<br \/>\n1\/ Avant la perte de vos cheveux, vous les faites couper ou vous les coupez vous-m\u00eame,<br \/>\n2 \/ Vous nous les envoyez,<br \/>\n3\/ On les fixe sur un bandeau,<br \/>\n4 \/ On vous renvoie le bandeau de vos cheveux accompagn\u00e9 d\u2019un joli turban.<br \/>\nNaturel et sur-mesure, le Pas d\u2019Chichi est l\u2019accessoire indispensable de votre nouvelle vie et il vous aidera \u00e0 affronter ces prochains mois plus sereinement ! Commandez votre Pas d\u2019Chichi directement en ligne sur le site internet <a href=\"http:\/\/www.lespasdchichi.fr\">www.lespasdchichi.fr<\/a> en suivant les consignes de coupe et d\u2019envoi.<\/p>\n<p><strong>[ MADE IN FRANCE ]<\/strong><br \/>\n\ud83c\uddeb\ud83c\uddf7 100% fran\u00e7ais !<br \/>\n\u2764\ufe0f Et m\u00eame Vend\u00e9en pour \u00eatre plus pr\u00e9cis !<br \/>\nLes Pas d\u2019Chichi sont con\u00e7us, fabriqu\u00e9s et assembl\u00e9s avec beaucoup d'amour dans notre atelier en Vend\u00e9e (85), par nos petites mains habiles :<br \/>\n\ud83d\udc49 St\u00e9phanie assemble les pr\u00e9cieux cheveux,<br \/>\n\ud83d\udc49 Sylvie et V\u00e9ro s'occupent de la couture des bandeaux sur mesure et des turbans.<\/p>\n<p><strong>[ C'EST QUI Les Pas d'Chichi ? ]<\/strong><\/p>\n<p>Les Pas d\u2019Chichi, c\u2019est l\u2019histoire d\u2019une aventure humaine autour de\u00a0<a href=\"https:\/\/youtu.be\/-IREJVaVep8\">St\u00e9phanie<\/a>, une jeune femme dynamique et pleine de vie, de 40 ans. En novembre 2020, on lui d\u00e9couvre un\u00a0<strong>cancer du sein bilat\u00e9ral<\/strong>. V\u00e9ritable tornade d\u2019id\u00e9es, elle invente un nouveau concept innovant pour pallier sa perte de cheveux :\u00a0<a href=\"https:\/\/lespasdchichi.fr\/\"><strong>une proth\u00e8se capillaire partielle r\u00e9alis\u00e9e avec ses propres cheveux<\/strong><\/a>.<\/p>\n<p>Soutenue par son amie Alice, qui croit \u00e0 ce projet\u00a0\u201cqui\u00a0a du sens\u201d, l\u2019aventure des Pas d\u2019Chichi d\u00e9marre !<\/p>\n<h4><strong>Le Pas d\u2019Chichi est officiellement pris en charge par la S\u00e9curit\u00e9 Sociale \u00e0 hauteur de 250 \u20ac !<\/strong><\/h4>\n<p>Oui, oui, vous avez bien lu,\u00a0<strong>250 \u20ac<\/strong>\u00a0pour vous offrir une\u00a0<a href=\"https:\/\/lespasdchichi.fr\/je-commande\/turbans-et-cheveux\/\">proth\u00e8se capillaire autologue (faite avec vos propres cheveux !)<\/a><\/p>\n<p>Offre 1 turban classique Ch\u00e9chouette pour l'achat d'un pas d'Chichi code PROMO: <strong>Nous contacter !<\/strong><\/p>\n","protected":false},"excerpt":{"rendered":"<p>Proth\u00e8se capillaire avec vos propres cheveux !<\/p>\n<p>Pas d&#8217;Chichi entre nous\u00a0 !<\/p>\n","protected":false},"featured_media":14111,"template":"","meta":[],"product_cat":[121,83],"product_tag":[],"_links":{"self":[{"href":"https:\/\/www.audace44.fr\/commande\/wp-json\/wp\/v2\/product\/14110"}],"collection":[{"href":"https:\/\/www.audace44.fr\/commande\/wp-json\/wp\/v2\/product"}],"about":[{"href":"https:\/\/www.audace44.fr\/commande\/wp-json\/wp\/v2\/types\/product"}],"wp:featuredmedia":[{"embeddable":true,"href":"https:\/\/www.audace44.fr\/commande\/wp-json\/wp\/v2\/media\/14111"}],"wp:attachment":[{"href":"https:\/\/www.audace44.fr\/commande\/wp-json\/wp\/v2\/media?parent=14110"}],"wp:term":[{"taxonomy":"product_cat","embeddable":true,"href":"https:\/\/www.audace44.fr\/commande\/wp-json\/wp\/v2\/product_cat?post=14110"},{"taxonomy":"product_tag","embeddable":true,"href":"https:\/\/www.audace44.fr\/commande\/wp-json\/wp\/v2\/product_tag?post=14110"}],"curies":[{"name":"wp","href":"https:\/\/api.w.org\/{rel}","templated":true}]}}