{"id":15963,"date":"2025-02-06T15:33:03","date_gmt":"2025-02-06T14:33:03","guid":{"rendered":"https:\/\/www.audace44.fr\/commande\/?post_type=product&#038;p=15963"},"modified":"2025-03-07T14:26:18","modified_gmt":"2025-03-07T13:26:18","slug":"flower-campings","status":"publish","type":"product","link":"https:\/\/www.audace44.fr\/commande\/produit\/flower-campings\/","title":{"rendered":"Flower campings"},"content":{"rendered":"<h1 style=\"font-weight: 500;\">L'esprit Flower : le camping familial en France<\/h1>\n<h2>Flower Campings, c'est 130 visages uniques<\/h2>\n<p style=\"font-weight: 400;\">Depuis sa cr\u00e9ation, Flower Campings revendique les valeurs humaines :\u00a0<em>Avec Flower, le camping c'est humain.<\/em><\/p>\n<p style=\"font-weight: 400;\">Flower Campings, c\u2019est un r\u00e9seau de campings ind\u00e9pendants en France. Ni trop grands, ni trop petits\u00a0; venez d\u00e9couvrir des \u00e9tablissements dans lesquels on se sent comme chez soi ! Humains avant tout, nos adh\u00e9rents d\u00e9fendent\u00a0la convivialit\u00e9, l'accueil personnalis\u00e9, la qualit\u00e9 et le confort. Ils sont grand\u00a0ouverts sur leur r\u00e9gion et la partagent avec passion.<\/p>\n<p style=\"font-weight: 400;\">Mais surtout, chez Flower Campings, nous d\u00e9testons la standardisation. Nos 130 campings adh\u00e9rents sont alors\u00a0<b><strong>autant de personnalit\u00e9s \u00e0 d\u00e9couvrir, d'ambiances \u00e0 partager, de recoins \u00e0 explorer et d'exp\u00e9riences \u00e0 vivre<\/strong><\/b>.<\/p>\n<p>De 10 a\u0300 28 % de r\u00e9duction (cumulable avec Earlybooking) (hors emplacements nu et freecamp)<br \/>\nOffres ponctuelles cumulables avec code de r\u00e9duction.<\/p>\n<p>Flower Camping appartient au groupe Odalys, retrouvez les campings sur le site: <a href=\"https:\/\/www.flowercampings.com\/\" target=\"_blank\" rel=\"noopener\">https:\/\/www.flowercampings.com\/<\/a><\/p>\n<p>Code partenaire: 44AUDACE<\/p>\n<p>Informations et r\u00e9servations: 0442259995<\/p>\n","protected":false},"excerpt":{"rendered":"<p style=\"font-weight: 500;\">L&#8217;esprit Flower : le camping familial en France<\/p>\n<p>130 campings adh\u00e9rents<\/p>\n<p>-10 %<\/p>\n","protected":false},"featured_media":15964,"template":"","meta":[],"product_cat":[111,86,79],"product_tag":[],"_links":{"self":[{"href":"https:\/\/www.audace44.fr\/commande\/wp-json\/wp\/v2\/product\/15963"}],"collection":[{"href":"https:\/\/www.audace44.fr\/commande\/wp-json\/wp\/v2\/product"}],"about":[{"href":"https:\/\/www.audace44.fr\/commande\/wp-json\/wp\/v2\/types\/product"}],"wp:featuredmedia":[{"embeddable":true,"href":"https:\/\/www.audace44.fr\/commande\/wp-json\/wp\/v2\/media\/15964"}],"wp:attachment":[{"href":"https:\/\/www.audace44.fr\/commande\/wp-json\/wp\/v2\/media?parent=15963"}],"wp:term":[{"taxonomy":"product_cat","embeddable":true,"href":"https:\/\/www.audace44.fr\/commande\/wp-json\/wp\/v2\/product_cat?post=15963"},{"taxonomy":"product_tag","embeddable":true,"href":"https:\/\/www.audace44.fr\/commande\/wp-json\/wp\/v2\/product_tag?post=15963"}],"curies":[{"name":"wp","href":"https:\/\/api.w.org\/{rel}","templated":true}]}}