{"id":16621,"date":"2025-05-16T11:40:56","date_gmt":"2025-05-16T09:40:56","guid":{"rendered":"https:\/\/www.audace44.fr\/commande\/?post_type=product&#038;p=16621"},"modified":"2025-05-16T12:04:35","modified_gmt":"2025-05-16T10:04:35","slug":"thalazur","status":"publish","type":"product","link":"https:\/\/www.audace44.fr\/commande\/produit\/thalazur\/","title":{"rendered":"Thalazur"},"content":{"rendered":"<p>Gr\u00e2ce \u00e0 son expertise reconnue en<strong>\u00a0<a href=\"https:\/\/www.thalazur.fr\/thalasso\/\">thalassoth\u00e9rapie<\/a>\u00a0<a href=\"https:\/\/www.thalazur.fr\/hotel\/\">h\u00f4tellerie et Spa<\/a><\/strong>, la marque\u00a0<strong>Thalazur<\/strong>\u00a0rayonne depuis plus de 20 ans sur 9 destinations en France.<\/p>\n<p>De la Normandie \u00e0 la M\u00e9diterran\u00e9e en passant par l'Atlantique, Thalazur offre son savoir faire \u00e0 travers une large s\u00e9lection de s\u00e9jours\u00a0<strong>bien-\u00eatre<\/strong>\u00a0(de 1 \u00e0 6 jours et plus).<\/p>\n<p>Jusqu'\u00e0 <strong>35 %<\/strong> sur les cures de 6 jours, escales 3 jours et courts s\u00e9jours de 1 \u00e0 5 jours.<\/p>\n<p>Code partenaire: <strong>CETHAL3418<\/strong>\u00a0 pr\u00e9sentation OBLIGATOIRE de la carte Audace (t\u00e9l\u00e9chargeable dans votre espace).<\/p>\n<p>R\u00e9servez vite sur le site de notre partenaire: <a href=\"https:\/\/www.thalazur.fr\/\" target=\"_blank\" rel=\"noopener\">www.thalazur.fr<\/a><\/p>\n","protected":false},"excerpt":{"rendered":"<p><strong>Thalassoth\u00e9rapie\u00a0h\u00f4tellerie et Spa<\/strong><\/p>\n<p><strong>Thalazur<\/strong> 9 destinations en France.<\/p>\n","protected":false},"featured_media":16624,"template":"","meta":[],"product_cat":[81,94,95],"product_tag":[],"_links":{"self":[{"href":"https:\/\/www.audace44.fr\/commande\/wp-json\/wp\/v2\/product\/16621"}],"collection":[{"href":"https:\/\/www.audace44.fr\/commande\/wp-json\/wp\/v2\/product"}],"about":[{"href":"https:\/\/www.audace44.fr\/commande\/wp-json\/wp\/v2\/types\/product"}],"wp:featuredmedia":[{"embeddable":true,"href":"https:\/\/www.audace44.fr\/commande\/wp-json\/wp\/v2\/media\/16624"}],"wp:attachment":[{"href":"https:\/\/www.audace44.fr\/commande\/wp-json\/wp\/v2\/media?parent=16621"}],"wp:term":[{"taxonomy":"product_cat","embeddable":true,"href":"https:\/\/www.audace44.fr\/commande\/wp-json\/wp\/v2\/product_cat?post=16621"},{"taxonomy":"product_tag","embeddable":true,"href":"https:\/\/www.audace44.fr\/commande\/wp-json\/wp\/v2\/product_tag?post=16621"}],"curies":[{"name":"wp","href":"https:\/\/api.w.org\/{rel}","templated":true}]}}