{"id":16646,"date":"2025-05-19T14:55:47","date_gmt":"2025-05-19T12:55:47","guid":{"rendered":"https:\/\/www.audace44.fr\/commande\/?post_type=product&#038;p=16646"},"modified":"2025-05-19T15:30:35","modified_gmt":"2025-05-19T13:30:35","slug":"element-store","status":"publish","type":"product","link":"https:\/\/www.audace44.fr\/commande\/produit\/element-store\/","title":{"rendered":"ELEMENT Store"},"content":{"rendered":"<p>Une nouvelle boutique de v\u00eatements inspir\u00e9e de l'univers du skate est ouverte en centre-ville de Nantes !<\/p>\n<p><strong>Element<\/strong>. C'est le nom de ce nouveau magasin install\u00e9 en plein centre-ville de Nantes, 12 rue Cr\u00e9billon, et ouvert depuis fin mars 2025.<\/p>\n<p>Dans un espace de 93\u00a0m<sup>2<\/sup>, la marque r\u00e9v\u00e8le son\u00a0<strong>identit\u00e9 urbaine,<\/strong>\u00a0inspir\u00e9e par<strong>\u00a0l\u2019univers du skate.<\/strong><\/p>\n<p>Mais les v\u00eatements de la marque ne sont pas r\u00e9serv\u00e9s qu\u2019aux amateurs de glisse.<\/p>\n<p>10 % sur pr\u00e9sentation de la carte Audace.<\/p>\n","protected":false},"excerpt":{"rendered":"<p>Boutique de v\u00eatements inspir\u00e9e de l&#8217;univers du skate.<\/p>\n<p>10 %<\/p>\n<p>&nbsp;<\/p>\n","protected":false},"featured_media":16647,"template":"","meta":[],"product_cat":[121,83],"product_tag":[],"_links":{"self":[{"href":"https:\/\/www.audace44.fr\/commande\/wp-json\/wp\/v2\/product\/16646"}],"collection":[{"href":"https:\/\/www.audace44.fr\/commande\/wp-json\/wp\/v2\/product"}],"about":[{"href":"https:\/\/www.audace44.fr\/commande\/wp-json\/wp\/v2\/types\/product"}],"wp:featuredmedia":[{"embeddable":true,"href":"https:\/\/www.audace44.fr\/commande\/wp-json\/wp\/v2\/media\/16647"}],"wp:attachment":[{"href":"https:\/\/www.audace44.fr\/commande\/wp-json\/wp\/v2\/media?parent=16646"}],"wp:term":[{"taxonomy":"product_cat","embeddable":true,"href":"https:\/\/www.audace44.fr\/commande\/wp-json\/wp\/v2\/product_cat?post=16646"},{"taxonomy":"product_tag","embeddable":true,"href":"https:\/\/www.audace44.fr\/commande\/wp-json\/wp\/v2\/product_tag?post=16646"}],"curies":[{"name":"wp","href":"https:\/\/api.w.org\/{rel}","templated":true}]}}