{"id":16800,"date":"2025-06-24T11:01:50","date_gmt":"2025-06-24T09:01:50","guid":{"rendered":"https:\/\/www.audace44.fr\/commande\/?post_type=product&#038;p=16800"},"modified":"2025-06-24T11:04:12","modified_gmt":"2025-06-24T09:04:12","slug":"parrot-world","status":"publish","type":"product","link":"https:\/\/www.audace44.fr\/commande\/produit\/parrot-world\/","title":{"rendered":"Parrot World"},"content":{"rendered":"<h2 class=\"TitleTextMedia-content-title title-montserrat-black-30-bold\">Une journ\u00e9e au vert pour d\u00e9couvrir la nature autrement...<\/h2>\n<h3 class=\"TitleTextMedia-content-subtitle title-montserrat-14-semibold title-montserrat-14-semibold--blue\">Les perroquets vous guident pour d\u00e9couvrir les richesses et les fragilit\u00e9s de leurs \u00e9cosyst\u00e8mes.<\/h3>\n<p>L\u2019Am\u00e9rique du Sud et ses animaux embl\u00e9matiques dans une r\u00e9serve naturelle aux portes de Paris<\/p>\n<p>Vivez une exp\u00e9rience ludique et p\u00e9dagogique au c\u0153ur du premier parc animalier immersif d\u00e9di\u00e9 aux tr\u00e9sors de l\u2019Am\u00e9rique du Sud en \u00cele de France<\/p>\n<p>Parrot World vous propose de prendre le temps d'observer les animaux qui peuplent l\u2019Amazonie et la Patagonie, dans un d\u00e9cor proche de leur habitat naturel. Lors de votre visite, le temps s\u2019arr\u00eate et vous \u00eates transport\u00e9s dans l\u2019ambiance verdoyante et color\u00e9e des paysages sud-am\u00e9ricains.<\/p>\n<div class=\"TitleTextMedia-content-desc text-content\">\n<p>Ouvrez grand les yeux, admirez la beaut\u00e9 des paysages et prenez part \u00e0 une aventure ludique et p\u00e9dagogique imagin\u00e9e par la\u00a0<strong>Parrot Wildlife Foundation (PWLF)<\/strong>, qui agit et soutient des acteurs de la conservation partout dans le monde.<\/p>\n<p>gratuit pour les - 3 ans<\/p>\n<\/div>\n","protected":false},"excerpt":{"rendered":"<h3 class=\"TitleTextMedia-content-subtitle title-montserrat-14-semibold title-montserrat-14-semibold--blue\">Les perroquets vous guident pour d\u00e9couvrir les richesses et les fragilit\u00e9s de leurs \u00e9cosyst\u00e8mes.<\/h3>\n","protected":false},"featured_media":16805,"template":"","meta":[],"product_cat":[85,77,91],"product_tag":[],"_links":{"self":[{"href":"https:\/\/www.audace44.fr\/commande\/wp-json\/wp\/v2\/product\/16800"}],"collection":[{"href":"https:\/\/www.audace44.fr\/commande\/wp-json\/wp\/v2\/product"}],"about":[{"href":"https:\/\/www.audace44.fr\/commande\/wp-json\/wp\/v2\/types\/product"}],"wp:featuredmedia":[{"embeddable":true,"href":"https:\/\/www.audace44.fr\/commande\/wp-json\/wp\/v2\/media\/16805"}],"wp:attachment":[{"href":"https:\/\/www.audace44.fr\/commande\/wp-json\/wp\/v2\/media?parent=16800"}],"wp:term":[{"taxonomy":"product_cat","embeddable":true,"href":"https:\/\/www.audace44.fr\/commande\/wp-json\/wp\/v2\/product_cat?post=16800"},{"taxonomy":"product_tag","embeddable":true,"href":"https:\/\/www.audace44.fr\/commande\/wp-json\/wp\/v2\/product_tag?post=16800"}],"curies":[{"name":"wp","href":"https:\/\/api.w.org\/{rel}","templated":true}]}}