{"id":17402,"date":"2025-09-10T15:37:36","date_gmt":"2025-09-10T13:37:36","guid":{"rendered":"https:\/\/www.audace44.fr\/commande\/?post_type=product&#038;p=17402"},"modified":"2025-12-09T12:05:42","modified_gmt":"2025-12-09T11:05:42","slug":"brel-17-12-26","status":"publish","type":"product","link":"https:\/\/www.audace44.fr\/commande\/produit\/brel-17-12-26\/","title":{"rendered":"Brel ! Nantes et Vend\u00e9e"},"content":{"rendered":"<p>Un Voyage Inoubliable dans l\u2019Univers de Jacques Brel !*<\/p>\n<p>Olivier Laurent nous offre un hommage bouleversant \u00e0 Jacques Brel dans Brel ! Le Spectacle, qui laisse une empreinte ind\u00e9l\u00e9bile, sous la direction de Gil Marsalla &amp; Directo Prod. Bien plus qu\u2019un concert, c\u2019est une immersion vibrante dans l\u2019\u00e2me du grand Jacques. Olivier Laurent ne l\u2019imite pas : il devient Brel, faisant revivre ses chansons avec une intensit\u00e9 hors du commun et une \u00e9motion d\u2019une rare puissance.<\/p>\n<p>Accompagn\u00e9 par quatre musiciens d\u2019exception, il vous emporte dans un tourbillon d\u2019\u00e9motions, de la fougue de La Valse \u00c0 Mille Temps \u00e0 la profondeur d\u00e9chirante de Voir Un Ami Pleurer. D\u00e9j\u00e0 jou\u00e9 devant des milliers de spectateurs \u00e9mus aux larmes \u00e0 Paris, Montr\u00e9al, New-York ou Duba\u00ef, ce spectacle est un hymne \u00e0 l\u2019humanit\u00e9, \u00e0 l\u2019amour et \u00e0 la po\u00e9sie. Un moment rare, \u00e0 vivre et \u00e0 ch\u00e9rir pour toujours.<\/p>\n<p>Vend\u00e9space\u00a0 Mouilleron-Le-Captif\u00a0 le 17\/12\/26 \u00e0 20h\u00a0 \u00a0Cat 1 51 \u20ac - Cat 2 46 \u20ac<\/p>\n<p>Nantes Cit\u00e9 des Congr\u00e8s le 16\/11\/26 \u00e0 20h\u00a0 Cat 1 55 \u20ac - Cat 2 48 \u20ac<\/p>\n<p>Nous contacter pour la r\u00e9servation en nous pr\u00e9cisant la ville, le nombre de places et la cat\u00e9gorie<\/p>\n","protected":false},"excerpt":{"rendered":"<p>Brel ! 17\/12\/26<\/p>\n","protected":false},"featured_media":17403,"template":"","meta":[],"product_cat":[119,84],"product_tag":[],"_links":{"self":[{"href":"https:\/\/www.audace44.fr\/commande\/wp-json\/wp\/v2\/product\/17402"}],"collection":[{"href":"https:\/\/www.audace44.fr\/commande\/wp-json\/wp\/v2\/product"}],"about":[{"href":"https:\/\/www.audace44.fr\/commande\/wp-json\/wp\/v2\/types\/product"}],"wp:featuredmedia":[{"embeddable":true,"href":"https:\/\/www.audace44.fr\/commande\/wp-json\/wp\/v2\/media\/17403"}],"wp:attachment":[{"href":"https:\/\/www.audace44.fr\/commande\/wp-json\/wp\/v2\/media?parent=17402"}],"wp:term":[{"taxonomy":"product_cat","embeddable":true,"href":"https:\/\/www.audace44.fr\/commande\/wp-json\/wp\/v2\/product_cat?post=17402"},{"taxonomy":"product_tag","embeddable":true,"href":"https:\/\/www.audace44.fr\/commande\/wp-json\/wp\/v2\/product_tag?post=17402"}],"curies":[{"name":"wp","href":"https:\/\/api.w.org\/{rel}","templated":true}]}}