{"id":17533,"date":"2025-10-31T11:28:18","date_gmt":"2025-10-31T10:28:18","guid":{"rendered":"https:\/\/www.audace44.fr\/commande\/?post_type=product&#038;p=17533"},"modified":"2025-10-31T11:28:19","modified_gmt":"2025-10-31T10:28:19","slug":"panda-tea","status":"publish","type":"product","link":"https:\/\/www.audace44.fr\/commande\/produit\/panda-tea\/","title":{"rendered":"Panda Tea"},"content":{"rendered":"<h2 id=\"block-template--20161043104072__5cb9e0b2-ac3c-4876-9219-f24442a55dfb-heading-1\" class=\"section__block section__block--heading  h2\"><span class=\"contained-heading inline-block\">Th\u00e9s &amp; Infusions bien-\u00eatre pour toute la famille.<\/span><\/h2>\n<div class=\"section__block section__block--text reading-width--inline md-down:px-gutter rte mx-auto enlarge-text\">\n<p>Certifi\u00e9s Bio. Sachets en coton mousseline.<\/p>\n<p>12 r\u00e9f\u00e9rences \u00e0 -20 %<\/p>\n<p>Vente group\u00e9e du 04\/11 au 24\/11\/2025<\/p>\n<p>Commandes \u00e0 r\u00e9cup\u00e9rer directement au local Audace \u00e0 partir du 02\/12\/2025<\/p>\n<p>D'autres r\u00e9f\u00e9rences sont \u00e9galement disponibles sur demande.<\/p>\n<p>Retrouvez toute la gamme Panda Tea et les d\u00e9tails de chaque produits:\u00a0 <a href=\"https:\/\/www.pandatea.fr\/?gad_source=1&amp;gad_campaignid=20163642946&amp;gbraid=0AAAAADJzW08hnE-Y-n6u_u7jMAvCj1Yrr&amp;gclid=Cj0KCQjwvJHIBhCgARIsAEQnWlCVIr11j2nVnODGxQdNdQ0c96HAs7OUF9Ff0GM6xmvIxJYhLdeK_F4aArZNEALw_wcB\" target=\"_blank\" rel=\"noopener\">ICI<\/a><\/p>\n<p>28 sachets pour toutes les r\u00e9f\u00e9rences, sauf Forever Nuts et Polar express 18 sachets et coffret no\u00ebl 20 sachets.<\/p>\n<\/div>\n","protected":false},"excerpt":{"rendered":"<p>Panda Tea<\/p>\n<p>Vente group\u00e9e<\/p>\n","protected":false},"featured_media":17534,"template":"","meta":[],"product_cat":[121,83],"product_tag":[],"_links":{"self":[{"href":"https:\/\/www.audace44.fr\/commande\/wp-json\/wp\/v2\/product\/17533"}],"collection":[{"href":"https:\/\/www.audace44.fr\/commande\/wp-json\/wp\/v2\/product"}],"about":[{"href":"https:\/\/www.audace44.fr\/commande\/wp-json\/wp\/v2\/types\/product"}],"wp:featuredmedia":[{"embeddable":true,"href":"https:\/\/www.audace44.fr\/commande\/wp-json\/wp\/v2\/media\/17534"}],"wp:attachment":[{"href":"https:\/\/www.audace44.fr\/commande\/wp-json\/wp\/v2\/media?parent=17533"}],"wp:term":[{"taxonomy":"product_cat","embeddable":true,"href":"https:\/\/www.audace44.fr\/commande\/wp-json\/wp\/v2\/product_cat?post=17533"},{"taxonomy":"product_tag","embeddable":true,"href":"https:\/\/www.audace44.fr\/commande\/wp-json\/wp\/v2\/product_tag?post=17533"}],"curies":[{"name":"wp","href":"https:\/\/api.w.org\/{rel}","templated":true}]}}