{"id":18596,"date":"2026-03-20T16:18:35","date_gmt":"2026-03-20T15:18:35","guid":{"rendered":"https:\/\/www.audace44.fr\/commande\/?post_type=product&#038;p=18596"},"modified":"2026-03-20T16:26:59","modified_gmt":"2026-03-20T15:26:59","slug":"izenah-croisieres","status":"publish","type":"product","link":"https:\/\/www.audace44.fr\/commande\/produit\/izenah-croisieres\/","title":{"rendered":"IZENAH CROISIERES"},"content":{"rendered":"<p>D\u00e9part de Baden, quai de Port Blanc pour des croisi\u00e8res autour du Golfe du Morbihan parmi les 42 \u00eeles avec ou sans escale sur l'Ile aux\u00a0Moines et\/ou l'Ile d'Arz ou les 2 \u00eeles dans la m\u00eame journ\u00e9e d'avril \u00e0 septembre et pendant les vacances\u00a0de la Toussaint, tous les jours.<\/p>\n<p>Ligne directe vers l'Ile aux Moines et\/ou l'Ile d'Arz.<\/p>\n<p><strong><u>Pour plus d'info :<\/u><\/strong>\u00a0formules, horaires, tarifs sur notre site internet.<\/p>\n<p>Possibilit\u00e9 d'acheter nos formules croisi\u00e8res en ligne sur notre site internet :\u00a0<a href=\"http:\/\/www.izenahcroisieres.com\/\">www.izenahcroisieres.com<\/a><\/p>\n<p>Profitez de notre code promo pour : <strong>AUDACE2026<\/strong>.<\/p>\n<p><u>Contact :<\/u><\/p>\n<p>Adresse mail : <a href=\"mailto:croisieres-izenah@orange.fr\">croisieres-izenah@orange.fr<\/a><\/p>\n<p>T\u00e9l\u00e9phone : 02 97 57 23 24<\/p>\n","protected":false},"excerpt":{"rendered":"<p>D\u00e9part pour l&#8217;Ile aux Moines et\/ou l&#8217;Ile d&#8217;Arz<\/p>\n","protected":false},"featured_media":18597,"template":"","meta":[],"product_cat":[86,96],"product_tag":[],"_links":{"self":[{"href":"https:\/\/www.audace44.fr\/commande\/wp-json\/wp\/v2\/product\/18596"}],"collection":[{"href":"https:\/\/www.audace44.fr\/commande\/wp-json\/wp\/v2\/product"}],"about":[{"href":"https:\/\/www.audace44.fr\/commande\/wp-json\/wp\/v2\/types\/product"}],"wp:featuredmedia":[{"embeddable":true,"href":"https:\/\/www.audace44.fr\/commande\/wp-json\/wp\/v2\/media\/18597"}],"wp:attachment":[{"href":"https:\/\/www.audace44.fr\/commande\/wp-json\/wp\/v2\/media?parent=18596"}],"wp:term":[{"taxonomy":"product_cat","embeddable":true,"href":"https:\/\/www.audace44.fr\/commande\/wp-json\/wp\/v2\/product_cat?post=18596"},{"taxonomy":"product_tag","embeddable":true,"href":"https:\/\/www.audace44.fr\/commande\/wp-json\/wp\/v2\/product_tag?post=18596"}],"curies":[{"name":"wp","href":"https:\/\/api.w.org\/{rel}","templated":true}]}}