{"id":6326,"date":"2020-07-16T22:13:10","date_gmt":"2020-07-16T20:13:10","guid":{"rendered":"https:\/\/amandineledu.art\/commande\/?post_type=product&#038;p=6326"},"modified":"2025-03-14T14:09:37","modified_gmt":"2025-03-14T13:09:37","slug":"ofun","status":"publish","type":"product","link":"https:\/\/www.audace44.fr\/commande\/produit\/ofun\/","title":{"rendered":"O&#8217;Fun Park"},"content":{"rendered":"<p>Le plus grand parc de loisirs de Vend\u00e9e\u00a0vous accueille d'avril \u00e0 septembre en plein c\u0153ur\u00a0de la for\u00eat.<\/p>\n<p>Situ\u00e9 \u00e0 proximit\u00e9 des plages de la C\u00f4te de Lumi\u00e8re, c'est l'endroit id\u00e9al pour passer une journ\u00e9e inoubliable en famille ou entre amis.<\/p>\n<p>Un parc de loisirs \u00e0 partager avec nos nombreuses activit\u00e9s pour tous\u00a0\u00a0:<\/p>\n<p>Waterjump, Accrobranche, Duel Arena, Tyroliennes, Paintball et jeux pour les enfants.<\/p>\n<p>Maxi Fun Pass: profitez de la Fun Zone + immanquables illimit\u00e9 + 1 activit\u00e9!<\/p>\n<p>Au choix : Accrobranche\u00a0OU Water Jump\u00a0OU Paintball.<\/p>\n<p>Visitez le site de notre partenaire<a href=\"https:\/\/ofunpark.fr\/\"> ICI<\/a><\/p>\n<p>R\u00e9servation de la date de visite obligatoire et de la zone principale au choix.<\/p>\n","protected":false},"excerpt":{"rendered":"<p>Maxi Fun Pass: profitez de la Fun Zone + immanquables illimit\u00e9 + 1 activit\u00e9!<\/p>\n<p>&nbsp;<\/p>\n<p>&nbsp;<\/p>\n<p>&nbsp;<\/p>\n","protected":false},"featured_media":6683,"template":"","meta":[],"product_cat":[82,87,88],"product_tag":[74],"_links":{"self":[{"href":"https:\/\/www.audace44.fr\/commande\/wp-json\/wp\/v2\/product\/6326"}],"collection":[{"href":"https:\/\/www.audace44.fr\/commande\/wp-json\/wp\/v2\/product"}],"about":[{"href":"https:\/\/www.audace44.fr\/commande\/wp-json\/wp\/v2\/types\/product"}],"wp:featuredmedia":[{"embeddable":true,"href":"https:\/\/www.audace44.fr\/commande\/wp-json\/wp\/v2\/media\/6683"}],"wp:attachment":[{"href":"https:\/\/www.audace44.fr\/commande\/wp-json\/wp\/v2\/media?parent=6326"}],"wp:term":[{"taxonomy":"product_cat","embeddable":true,"href":"https:\/\/www.audace44.fr\/commande\/wp-json\/wp\/v2\/product_cat?post=6326"},{"taxonomy":"product_tag","embeddable":true,"href":"https:\/\/www.audace44.fr\/commande\/wp-json\/wp\/v2\/product_tag?post=6326"}],"curies":[{"name":"wp","href":"https:\/\/api.w.org\/{rel}","templated":true}]}}