{"id":6685,"date":"2020-07-21T19:36:54","date_gmt":"2020-07-21T17:36:54","guid":{"rendered":"https:\/\/amandineledu.art\/commande\/?post_type=product&#038;p=6685"},"modified":"2026-01-26T14:47:24","modified_gmt":"2026-01-26T13:47:24","slug":"le-grand-defi","status":"publish","type":"product","link":"https:\/\/www.audace44.fr\/commande\/produit\/le-grand-defi\/","title":{"rendered":"Le Grand D\u00e9fi"},"content":{"rendered":"<p>Le Grand D\u00e9fi est un parc de loisirs multi-activit\u00e9s qui regroupe des activit\u00e9s natures accessibles \u00e0 tous \u00e0 partir de 2 ans.<\/p>\n<ul>\n<li>15 % sur les prestations 2026 Ouverture le 04\/04\/26 au 01\/11\/26<\/li>\n<\/ul>\n<p>Partez \u00e0 l\u2019aventure sur le plus grand accrobranche du Monde avec 33 parcours dans les arbres pour tous les niveaux d\u00e8s 2 ans (4 nouveaux parcours en 2020). Une trentaine de tyroliennes traversent les \u00e9tangs et sont inclues sur les parcours.<\/p>\n<p>Nouveaut\u00e9 2026:<\/p>\n<ul>\n<li><strong>Un mini-golf\u00a0<\/strong>: Partez \u00e0 l\u2019aventure dans la for\u00eat pour r\u00e9ussir une qu\u00eate en 18 \u00e9tapes o\u00f9 il faudra faire preuve d\u2019agilit\u00e9, de pr\u00e9cision et de ruse.<\/li>\n<li><strong>Battle Quiz\u00a0<\/strong>: Vivez l\u2019ambiance survolt\u00e9e d\u2019un v\u00e9ritable plateau TV !<\/li>\n<li><strong>Ludi\u2019Game<\/strong>: L\u2019aventure qui t\u2019embarque ! Rejoins l\u2019\u00e9quipage de Sylvain pour relever des d\u00e9fis immersifs afin de r\u00e9ussir le tour du monde.<\/li>\n<li><strong>2 parcours accrobranche<\/strong>: 1 bleu (aventure) et 1 rouge (sportif)<\/li>\n<li><strong>Squad Game<\/strong>: Un rendez-vous divertissant pour vibrer ensemble gr\u00e2ce \u00e0 des d\u00e9fis palpitants.<\/li>\n<\/ul>\n<p>D\u00e9couvrez ce parc en <a href=\"https:\/\/www.grand-defi.com\/\">cliquant ICI<\/a><\/p>\n<p>Seuls les tarifs pour l'accrobranches sont disponibles sur notre site, pour les autres activit\u00e9s\u00a0nous contacter avec votre demande de billets.<\/p>\n<p>Attention les billets sont envoy\u00e9s par mail apr\u00e8s paiement sous 48h (UNIQUEMENT les jours d'ouverture d'Audace).<\/p>\n","protected":false},"excerpt":{"rendered":"<p>LE GRAND D\u00c9FI<\/p>\n<p>Saint Julien des Landes (85)<br \/>\nJusqu&#8217;\u00e0 15% sur les tarifs.<\/p>\n<p>Nous contacter pour les billets.<\/p>\n","protected":false},"featured_media":6686,"template":"","meta":[],"product_cat":[82,87],"product_tag":[98],"_links":{"self":[{"href":"https:\/\/www.audace44.fr\/commande\/wp-json\/wp\/v2\/product\/6685"}],"collection":[{"href":"https:\/\/www.audace44.fr\/commande\/wp-json\/wp\/v2\/product"}],"about":[{"href":"https:\/\/www.audace44.fr\/commande\/wp-json\/wp\/v2\/types\/product"}],"wp:featuredmedia":[{"embeddable":true,"href":"https:\/\/www.audace44.fr\/commande\/wp-json\/wp\/v2\/media\/6686"}],"wp:attachment":[{"href":"https:\/\/www.audace44.fr\/commande\/wp-json\/wp\/v2\/media?parent=6685"}],"wp:term":[{"taxonomy":"product_cat","embeddable":true,"href":"https:\/\/www.audace44.fr\/commande\/wp-json\/wp\/v2\/product_cat?post=6685"},{"taxonomy":"product_tag","embeddable":true,"href":"https:\/\/www.audace44.fr\/commande\/wp-json\/wp\/v2\/product_tag?post=6685"}],"curies":[{"name":"wp","href":"https:\/\/api.w.org\/{rel}","templated":true}]}}