{"id":6687,"date":"2020-07-21T19:45:09","date_gmt":"2020-07-21T17:45:09","guid":{"rendered":"https:\/\/amandineledu.art\/commande\/?post_type=product&#038;p=6687"},"modified":"2024-04-12T11:31:03","modified_gmt":"2024-04-12T09:31:03","slug":"tsn-44","status":"publish","type":"product","link":"https:\/\/www.audace44.fr\/commande\/produit\/tsn-44\/","title":{"rendered":"TSN 44"},"content":{"rendered":"<p>En famille, entre amis ou entre coll\u00e8gues profitez des diff\u00e9rentes activit\u00e9s de nos sites TSN.<\/p>\n<p>Quelque soit votre niveau et \u00e0 partir de 8 ans, venez glisser sur l\u2019eau en wakeboard,\u00a0ski nautique, kneeboard, wakeskate\u00a0ou en\u00a0stand up paddle (sup). Pour les petits comme les plus grands, d\u00e9fiez-vous sur nos parcours gonflable g\u00e9ants :\u00a0aquapark ou titillez les sommets avec nos trampolines \u00e0 Nozay.<\/p>\n<p>Suite \u00e0 votre commande vous recevrez par mail ( 3j ouvr\u00e9s) le code pour r\u00e9server votre s\u00e9ance et imprimer vos billets.<\/p>\n<p>Les bars\/restaurants \u201cChilling Zone\u201d \u00e0 Saint-Viaud et \u201cLe Spot\u201d \u00e0 Nozay se tiendront \u00e0 votre disposition pour r\u00e9pondre \u00e0 tous vos besoins.<\/p>\n<p>D\u00e9couvrez les bases nautiques en <a href=\"https:\/\/www.tsn44.com\/\">cliquant ICI<\/a><\/p>\n<p>NOUS CONTACTER POUR L'ACHAT DES BILLETS<\/p>\n","protected":false},"excerpt":{"rendered":"<p>Bases nautiques situ\u00e9es \u00e0 Nozay et St Viaud.<\/p>\n<p>Ski nautique, wakepark, parcours aquatiques&#8230;<\/p>\n","protected":false},"featured_media":6688,"template":"","meta":[],"product_cat":[82,89],"product_tag":[74],"_links":{"self":[{"href":"https:\/\/www.audace44.fr\/commande\/wp-json\/wp\/v2\/product\/6687"}],"collection":[{"href":"https:\/\/www.audace44.fr\/commande\/wp-json\/wp\/v2\/product"}],"about":[{"href":"https:\/\/www.audace44.fr\/commande\/wp-json\/wp\/v2\/types\/product"}],"wp:featuredmedia":[{"embeddable":true,"href":"https:\/\/www.audace44.fr\/commande\/wp-json\/wp\/v2\/media\/6688"}],"wp:attachment":[{"href":"https:\/\/www.audace44.fr\/commande\/wp-json\/wp\/v2\/media?parent=6687"}],"wp:term":[{"taxonomy":"product_cat","embeddable":true,"href":"https:\/\/www.audace44.fr\/commande\/wp-json\/wp\/v2\/product_cat?post=6687"},{"taxonomy":"product_tag","embeddable":true,"href":"https:\/\/www.audace44.fr\/commande\/wp-json\/wp\/v2\/product_tag?post=6687"}],"curies":[{"name":"wp","href":"https:\/\/api.w.org\/{rel}","templated":true}]}}