{"id":6815,"date":"2023-02-28T18:57:42","date_gmt":"2023-02-28T17:57:42","guid":{"rendered":"https:\/\/amandineledu.art\/commande\/?post_type=product&#038;p=6815"},"modified":"2026-05-01T11:38:27","modified_gmt":"2026-05-01T09:38:27","slug":"parc-oriental-de-maulevrier","status":"publish","type":"product","link":"https:\/\/www.audace44.fr\/commande\/produit\/parc-oriental-de-maulevrier\/","title":{"rendered":"Parc de Maul\u00e9vrier"},"content":{"rendered":"<p>Nouveau ebillets\u00a0 et billets t\u00e9l\u00e9chargeables ( suivant le stock)<\/p>\n<p>Ouverture 12 mars 2026<\/p>\n<p>Nouveau tarifs r\u00e9duits 12-17 ans. Gratuit pour les moins de 12 ans<\/p>\n<p>Pour les billets t\u00e9l\u00e9chargeables vous devez choisir un billet num\u00e9rot\u00e9 (exemple t\u00e9l\u00e9Adulte 957), le billet sera automatiquement disponible apr\u00e8s paiement CB valid\u00e9.<\/p>\n<p><strong>EVENEMENTS:<\/strong><\/p>\n<p>Hanami du 12 au 31 mars: Coutume japonaise d'appr\u00e9cier la beaut\u00e9 des fleurs de cerisiers. Pique-nique z\u00e9ro d\u00e9chet, exceptionnellement autoris\u00e9. Pr\u00e9sence d\u2019artistes japonais le week-end.<\/p>\n<p>Kodomo No Hi les 9 et 10 mai C\u00e9l\u00e9bration de la traditionnelle \u201cjourn\u00e9e des enfants\u201d. Installation de ko\u00efnobori (manches \u00e0 air en forme de carpe) dans le jardin. Animations et ateliers cr\u00e9atifs.<\/p>\n<p>Bonsa\u00ef Sho les 13 et 14 juin Accueil de ma\u00eetres italiens. Exposition de bonsa\u00ef, village professionnel, ateliers d\u00e9couverte et d\u00e9montrations.<\/p>\n<p>Kamiplay les 4 et 5 juillet Rencontre entre cosplayeurs, photographes et le jardin japonais. D\u00e9fil\u00e9s, stand photo, conf\u00e9rences et exposition.<\/p>\n<p>Peintres au jardin le 2 ao\u00fbt Rencontre entre des peintres inspir\u00e9s par le jardin et les visiteurs. Echange autour des sensibilit\u00e9s et des techniques utilis\u00e9es.<\/p>\n<p>Arts du Japon les 12 et 13 septembre Mise \u00e0 l\u2019honneur des arts du Japon d\u2019hier et d\u2019aujourd\u2019hui, avec des d\u00e9monstrations, des ateliers et des initiations gratuites tout public.<\/p>\n<p>Les Musicales le 4 octobre Une promenade dans le coeur historique du jardin, rythm\u00e9e de repr\u00e9sentations musicales 100% Japon !<\/p>\n<p>Momiji du 7 au 15 novembre Tradition japonaise d\u2019observer les couleurs automnales. Pique-nique z\u00e9ro d\u00e9chet, exceptionnellement autoris\u00e9. Pr\u00e9sence d\u2019artistes japonais le week-end.<\/p>\n<p><strong>Le Parc Oriental de Maul\u00e9vrier, jardin de promenade et de transformation, vous ouvre ses portes de mars \u00e0 novembre. <\/strong><\/p>\n<p><strong>Laissez-vous surprendre par son cadre japonisant qui c\u00e9l\u00e8bre la nature \u00e0 chaque saison.<\/strong><\/p>\n<p><strong>Go\u00fbtez la s\u00e9r\u00e9nit\u00e9 d\u2019un lieu, dont les paysages, l\u2019histoire et l\u2019ambiance sont une invitation au voyage.<\/strong><\/p>\n<p><strong>Le jardin de Maul\u00e9vrier est am\u00e9nag\u00e9 au d\u00e9but du XX\u00e8me si\u00e8cle par l\u2019architecte Alexandre Marcel. Abandonn\u00e9 de nombreuses ann\u00e9es, le Parc est restaur\u00e9 depuis 1980 par une association. En 1987, il est reconnu par 3 professeurs japonais comme inspir\u00e9 des jardins japonais de la p\u00e9riode Edo.<\/strong><\/p>\n<p><strong>C\u2019est un jardin dit \u00ab de promenade et de transformation \u00bb, une repr\u00e9sentation symbolique de la vie de l\u2019homme et des caricatures des paysages du japon.<\/strong><\/p>\n<p><strong>D\u00e9couvrez \u00e9galement chaque mois les animations propos\u00e9es au Parc Oriental pour la saison 2023.<\/strong><\/p>\n<h4 class=\"groupe_2\">Dur\u00e9e de la visite : Environ 1h30\u00a0 \u00a0-\u00a0 Fermeture du parc minuit 30,\u00a0<strong>derni\u00e8re entr\u00e9e \u00e0 23h30<\/strong><\/h4>\n<p>&nbsp;<\/p>\n<p><a href=\"https:\/\/www.parc-oriental.com\/\">Retrouvez toutes les infos ICI<\/a><\/p>\n","protected":false},"excerpt":{"rendered":"<p>Nouveau ebillets !<\/p>\n<p>Gratuit pour les moins de 12 ans<\/p>\n<p>En visite libre ou en visite guid\u00e9e, de jour comme de nuit, profitez de ce lieu unique et passionnant.<\/p>\n","protected":false},"featured_media":8259,"template":"","meta":[],"product_cat":[85,91],"product_tag":[74,124],"_links":{"self":[{"href":"https:\/\/www.audace44.fr\/commande\/wp-json\/wp\/v2\/product\/6815"}],"collection":[{"href":"https:\/\/www.audace44.fr\/commande\/wp-json\/wp\/v2\/product"}],"about":[{"href":"https:\/\/www.audace44.fr\/commande\/wp-json\/wp\/v2\/types\/product"}],"wp:featuredmedia":[{"embeddable":true,"href":"https:\/\/www.audace44.fr\/commande\/wp-json\/wp\/v2\/media\/8259"}],"wp:attachment":[{"href":"https:\/\/www.audace44.fr\/commande\/wp-json\/wp\/v2\/media?parent=6815"}],"wp:term":[{"taxonomy":"product_cat","embeddable":true,"href":"https:\/\/www.audace44.fr\/commande\/wp-json\/wp\/v2\/product_cat?post=6815"},{"taxonomy":"product_tag","embeddable":true,"href":"https:\/\/www.audace44.fr\/commande\/wp-json\/wp\/v2\/product_tag?post=6815"}],"curies":[{"name":"wp","href":"https:\/\/api.w.org\/{rel}","templated":true}]}}