{"id":6860,"date":"2025-11-24T21:52:45","date_gmt":"2025-11-24T20:52:45","guid":{"rendered":"https:\/\/amandineledu.art\/commande\/?post_type=product&#038;p=6860"},"modified":"2026-04-09T15:00:09","modified_gmt":"2026-04-09T13:00:09","slug":"planete-sauvage","status":"publish","type":"product","link":"https:\/\/www.audace44.fr\/commande\/produit\/planete-sauvage\/","title":{"rendered":"Plan\u00e8te Sauvage"},"content":{"rendered":"<p>Parc zoologique \u00e0 15 min de Nantes.\u00a0Parcours Safari voiture et visite \u00e0 pied.<\/p>\n<p>Les billets sont envoy\u00e9s par mail les jours d'ouverture d'Audace ou billets t\u00e9l\u00e9chargeables en tr\u00e8s petit stock.<\/p>\n<p>Gratuit pour les moins de 3ans.\u00a0Pas de billet coupl\u00e9 avec la visite du parc en journ\u00e9e.<\/p>\n<p>ebillets envoy\u00e9s par mail les jours d'ouverture d'Audace ou billets t\u00e9l\u00e9chargeables directement apr\u00e8s paiement CB valid\u00e9 (choisir par exemple t\u00e9l\u00e9chargeable\/enfant025).<\/p>\n<p>Plus de 1100 animaux, 120 esp\u00e8ces et 80 Ha \u00e0 visiter !<\/p>\n<p>S\u00e9jours en lodge -8 % en passant via Audace, renseignements par mail.<\/p>\n<p>Horaires et calendrier<a href=\"https:\/\/www.planetesauvage.com\/\"> ICI<\/a><\/p>\n","protected":false},"excerpt":{"rendered":"<p>A pied et en safari voiture !<\/p>\n<p>A 15 minutes de Nantes<\/p>\n","protected":false},"featured_media":9334,"template":"","meta":[],"product_cat":[85,77],"product_tag":[74,124],"_links":{"self":[{"href":"https:\/\/www.audace44.fr\/commande\/wp-json\/wp\/v2\/product\/6860"}],"collection":[{"href":"https:\/\/www.audace44.fr\/commande\/wp-json\/wp\/v2\/product"}],"about":[{"href":"https:\/\/www.audace44.fr\/commande\/wp-json\/wp\/v2\/types\/product"}],"wp:featuredmedia":[{"embeddable":true,"href":"https:\/\/www.audace44.fr\/commande\/wp-json\/wp\/v2\/media\/9334"}],"wp:attachment":[{"href":"https:\/\/www.audace44.fr\/commande\/wp-json\/wp\/v2\/media?parent=6860"}],"wp:term":[{"taxonomy":"product_cat","embeddable":true,"href":"https:\/\/www.audace44.fr\/commande\/wp-json\/wp\/v2\/product_cat?post=6860"},{"taxonomy":"product_tag","embeddable":true,"href":"https:\/\/www.audace44.fr\/commande\/wp-json\/wp\/v2\/product_tag?post=6860"}],"curies":[{"name":"wp","href":"https:\/\/api.w.org\/{rel}","templated":true}]}}