{"id":6886,"date":"2024-10-10T09:40:19","date_gmt":"2024-10-10T07:40:19","guid":{"rendered":"https:\/\/amandineledu.art\/commande\/?post_type=product&#038;p=6886"},"modified":"2026-04-09T14:30:18","modified_gmt":"2026-04-09T12:30:18","slug":"city-kart-st-sebastien-sautron","status":"publish","type":"product","link":"https:\/\/www.audace44.fr\/commande\/produit\/city-kart-st-sebastien-sautron\/","title":{"rendered":"City Kart"},"content":{"rendered":"<p style=\"margin: 7.5pt 0cm 7.5pt 0cm;\"><b><span style=\"font-size: 18.0pt; font-family: 'Arial',sans-serif;\">City Kart, c'est la r\u00e9f\u00e9rence du karting \u00e0 Nantes avec 2 circuits Indoor et Outdoor, pour le plaisir du pilotage des adultes et des enfants d\u00e8s 7 ans.\u00a0<\/span><\/b><\/p>\n<p style=\"margin: 7.5pt 0cm 7.5pt 0cm;\"><span style=\"font-size: 10.5pt; font-family: 'Arial',sans-serif;\">City Kart \u00e0 St-S\u00e9bastien, c'est le plus grand circuit de karting couvert de Nantes avec une piste Indoor de 500 m\u00e8tres et un virage relev\u00e9 unique en France.<\/span><\/p>\n<p style=\"margin: 7.5pt 0cm 7.5pt 0cm;\"><span style=\"font-size: 10.5pt; font-family: 'Arial',sans-serif;\">City Kart \u00e0 Sautron, c'est un vrai circuit de karting en plein air \u00e0 5 minutes de Nantes avec une piste Outdoor de 700 m\u00e8tres \u00e9quip\u00e9e d'un \u00e9clairage int\u00e9gral.<\/span><\/p>\n<p style=\"margin: 7.5pt 0cm 7.5pt 0cm;\"><span style=\"font-size: 10.5pt; font-family: 'Arial',sans-serif;\">Billetterie d\u00e9mat\u00e9rialis\u00e9e valable au moins 1 an sur les 2 circuits au choix, pour un adulte d\u00e8s 15 ans ou un enfant d\u00e8s 7 ans (taille min. : 127cm).<\/span><\/p>\n<p style=\"margin: 7.5pt 0cm 7.5pt 0cm;\"><span style=\"font-size: 10.5pt; font-family: 'Arial',sans-serif;\">Les horaires d'ouverture des \u00e9tablissements et les conditions de r\u00e9servation sont \u00e0 retrouver sur <a href=\"http:\/\/www.city-kart.fr\">www.city-kart.fr<\/a>. Les enfants sont accueillis sur des jours et cr\u00e9neaux sp\u00e9cifiques.<\/span><\/p>\n<p><strong>E-billet envoy\u00e9s par mail ou t\u00e9l\u00e9chargeable (choisir des billets avec des num\u00e9ros, expl: t\u00e9l\u00e9chargeable 87JP).<\/strong><\/p>\n<p><strong>Les billets t\u00e9l\u00e9chargeables sont disponibles uniquement apr\u00e8s paiement CB valid\u00e9. Pour en commander plusieurs, il vous faut ajouter diff\u00e9rentes r\u00e9f\u00e9rences au panier.<\/strong><\/p>\n<p style=\"margin: 7.5pt 0cm 7.5pt 0cm;\"><strong><span style=\"font-size: 10.5pt; font-family: 'Arial',sans-serif;\">\u00a0Validit\u00e9 30\/04\/26 ou 30\/09\/27<\/span><\/strong><\/p>\n<p>Augmentation des tarifs \u00e0 13 \u20ac apr\u00e8s \u00e9puisement du stock.<\/p>\n","protected":false},"excerpt":{"rendered":"<p style=\"margin: 7.5pt 0cm 7.5pt 0cm;\"><span style=\"font-size: 10.5pt; font-family: 'Arial',sans-serif;\">CITY KART ST-S\u00c9BASTIEN \/ SAUTRON<\/span><\/p>\n<p style=\"margin: 7.5pt 0cm 7.5pt 0cm;\"><span style=\"font-size: 10.5pt; font-family: 'Arial',sans-serif;\">Billet valable pour un adulte ou un enfant d\u00e8s 7 ans<\/span><\/p>\n","protected":false},"featured_media":15167,"template":"","meta":[],"product_cat":[81,71],"product_tag":[74,124],"_links":{"self":[{"href":"https:\/\/www.audace44.fr\/commande\/wp-json\/wp\/v2\/product\/6886"}],"collection":[{"href":"https:\/\/www.audace44.fr\/commande\/wp-json\/wp\/v2\/product"}],"about":[{"href":"https:\/\/www.audace44.fr\/commande\/wp-json\/wp\/v2\/types\/product"}],"wp:featuredmedia":[{"embeddable":true,"href":"https:\/\/www.audace44.fr\/commande\/wp-json\/wp\/v2\/media\/15167"}],"wp:attachment":[{"href":"https:\/\/www.audace44.fr\/commande\/wp-json\/wp\/v2\/media?parent=6886"}],"wp:term":[{"taxonomy":"product_cat","embeddable":true,"href":"https:\/\/www.audace44.fr\/commande\/wp-json\/wp\/v2\/product_cat?post=6886"},{"taxonomy":"product_tag","embeddable":true,"href":"https:\/\/www.audace44.fr\/commande\/wp-json\/wp\/v2\/product_tag?post=6886"}],"curies":[{"name":"wp","href":"https:\/\/api.w.org\/{rel}","templated":true}]}}