{"id":6911,"date":"2026-01-30T11:18:03","date_gmt":"2026-01-30T10:18:03","guid":{"rendered":"https:\/\/amandineledu.art\/commande\/?post_type=product&#038;p=6911"},"modified":"2026-04-30T09:25:07","modified_gmt":"2026-04-30T07:25:07","slug":"aquatonic","status":"publish","type":"product","link":"https:\/\/www.audace44.fr\/commande\/produit\/aquatonic\/","title":{"rendered":"Aquatonic Nantes"},"content":{"rendered":"<p>AQUATONIC Nantes<\/p>\n<h3>- Entr\u00e9es au parcours, 2 possibilit\u00e9s de billets:<\/h3>\n<ul>\n<li>envoy\u00e9s par mail les jours d'ouverture d'Audace (\u00e0 privil\u00e9gier pour les commandes multiples), d\u00e9lai 24h jours ouvr\u00e9s.<\/li>\n<li><strong>t\u00e9l\u00e9chargeables apr\u00e8s paiement, achat \u00e0 l'unit\u00e9 ou en lot de 2 billets suivant le stock disponible choisir un billet avec num\u00e9ro (expl: billet t\u00e9l\u00e9chargeable 056 ou 2billets 83-84). Mettre autant de r\u00e9f\u00e9rences que de billets souhait\u00e9s dans le panier.<\/strong><\/li>\n<\/ul>\n<p>Une fois votre billet achet\u00e9 chez Audace la r\u00e9servation de votre journ\u00e9e est obligatoire: <a href=\"https:\/\/www.aquatonic.fr\/nantes\/reservation-parcours\/?ct=t(AQUANANTES-CSE-juin2021-Reouverture)&amp;goal=0_31477114a9-0c2680c53a-77698629&amp;mc_cid=0c2680c53a&amp;mc_eid=6df3ef9ece\">ICI<\/a><\/p>\n<h3><strong>- Nouveau soin d\u00e9couverte 25 minutes:<\/strong> Massage du dos ou Massage visage ou R\u00e9flexologie plantaire 79 \u20ac au lieu de 94 \u20ac - validit\u00e9 f\u00e9vrier 2027<\/h3>\n<p>Dans le centre de Nantes<\/p>\n<p>Billet tout public, valable pour la journ\u00e9e. tarif public 37 \u20ac la journ\u00e9e<\/p>\n<p>Tarif 2025 (validit\u00e9 15\/12\/26): 25 \u20ac jusqu'\u00e0 \u00e9puisement du stock.<\/p>\n<p>Tarifs disponibles \u00e9galement sur les abonnements et les soins sur pr\u00e9sentation de la carte AUDACE:<\/p>\n<p>Carte Aqualib 39 \u20ac au lieu de 69 \u20ac<\/p>\n<p>Abonnement Fitness 51,50 \u20ac\u00a0 \u00a05 s\u00e9ances\/mois + acc\u00e8s salle cardio<\/p>\n<p>Abonnement aquatique 67,50 \u20ac\u00a0 \u00a05 s\u00e9ances\/mois + acc\u00e8s parcours aquatique<\/p>\n<p>Abonnement total bien-\u00eatre 74 \u20ac\u00a0 \u00a05 s\u00e9ances\/mois + salle cardio + parcours aquatique<\/p>\n<p>Tarifs pour Aquatonic St-Malo, Rennes ou Paris, nous contacter.<\/p>\n<p>Pr\u00e9voir un bonnet de bain et des claquettes (obligatoires)<\/p>\n<p><a href=\"https:\/\/www.aquatonic.fr\/nantes\/\">D\u00e9couvrez votre centre de Nantes ICI<\/a><\/p>\n","protected":false},"excerpt":{"rendered":"<p>AQUATONIC Nantes<\/p>\n<p>T\u00e9l\u00e9chargeable ou envoy\u00e9 par mail<\/p>\n<p>Tarif 2025 25 \u20ac<\/p>\n","protected":false},"featured_media":8245,"template":"","meta":[],"product_cat":[81,95],"product_tag":[74,124],"_links":{"self":[{"href":"https:\/\/www.audace44.fr\/commande\/wp-json\/wp\/v2\/product\/6911"}],"collection":[{"href":"https:\/\/www.audace44.fr\/commande\/wp-json\/wp\/v2\/product"}],"about":[{"href":"https:\/\/www.audace44.fr\/commande\/wp-json\/wp\/v2\/types\/product"}],"wp:featuredmedia":[{"embeddable":true,"href":"https:\/\/www.audace44.fr\/commande\/wp-json\/wp\/v2\/media\/8245"}],"wp:attachment":[{"href":"https:\/\/www.audace44.fr\/commande\/wp-json\/wp\/v2\/media?parent=6911"}],"wp:term":[{"taxonomy":"product_cat","embeddable":true,"href":"https:\/\/www.audace44.fr\/commande\/wp-json\/wp\/v2\/product_cat?post=6911"},{"taxonomy":"product_tag","embeddable":true,"href":"https:\/\/www.audace44.fr\/commande\/wp-json\/wp\/v2\/product_tag?post=6911"}],"curies":[{"name":"wp","href":"https:\/\/api.w.org\/{rel}","templated":true}]}}