{"id":6921,"date":"2025-07-30T12:03:22","date_gmt":"2025-07-30T10:03:22","guid":{"rendered":"https:\/\/amandineledu.art\/commande\/?post_type=product&#038;p=6921"},"modified":"2026-03-12T22:58:33","modified_gmt":"2026-03-12T21:58:33","slug":"valdys","status":"publish","type":"product","link":"https:\/\/www.audace44.fr\/commande\/produit\/valdys\/","title":{"rendered":"Valdys Thalasso"},"content":{"rendered":"<p>Valdys Thalasso.com.<\/p>\n<p>Les pass sont utilisables dans les centres: Roscoff - Douarnenez - Pornichet\u00a0 Baie de la Baule - Saint-Jean-de-Monts<\/p>\n<p>Tous les pass donnent acc\u00e8s au spa marin pendant toute la journ\u00e9e des soins,<a href=\"https:\/\/www.audace44.fr\/commande\/wp-content\/uploads\/2026\/01\/BROCHURE-CSE-2026.pdf\" target=\"_blank\" rel=\"noopener\"> t\u00e9l\u00e9chargez ICI<\/a> le document r\u00e9capitulatif des Pass propos\u00e9s pour 2026.<\/p>\n<p>Billetterie d\u00e9mat\u00e9rialis\u00e9e envoy\u00e9e sous 72h, devant faire l'objet apr\u00e8s achat d'une r\u00e9servation dans l'un des centres Valdys.<\/p>\n<p>Nouveaux tarifs 2025, tarifs diff\u00e9rents en semaine et week-end.<\/p>\n<p>Certains Pass avec s\u00e9jour sont disponibles en DUO et propose une tarification avantageuse, expl Cocconing en duo week-end 608 \u20ac, demandez-vous par mail un devis.<\/p>\n<p><strong>Les Pass sont envoy\u00e9s par mail dans un d\u00e9lai de 72h minimum apr\u00e8s paiement.<\/strong><\/p>\n<p>N'h\u00e9sitez \u00e0 vous renseigner aupr\u00e8s de nous.<\/p>\n","protected":false},"excerpt":{"rendered":"<p>Valdys Thalasso.com.<\/p>\n<p>Roscoff &#8211; Douarnenez &#8211; Pornichet &#8211; Baie de la Baule &#8211; Saint-Jean-de-Monts<\/p>\n<p>&nbsp;<\/p>\n","protected":false},"featured_media":6922,"template":"","meta":[],"product_cat":[81,95],"product_tag":[74],"_links":{"self":[{"href":"https:\/\/www.audace44.fr\/commande\/wp-json\/wp\/v2\/product\/6921"}],"collection":[{"href":"https:\/\/www.audace44.fr\/commande\/wp-json\/wp\/v2\/product"}],"about":[{"href":"https:\/\/www.audace44.fr\/commande\/wp-json\/wp\/v2\/types\/product"}],"wp:featuredmedia":[{"embeddable":true,"href":"https:\/\/www.audace44.fr\/commande\/wp-json\/wp\/v2\/media\/6922"}],"wp:attachment":[{"href":"https:\/\/www.audace44.fr\/commande\/wp-json\/wp\/v2\/media?parent=6921"}],"wp:term":[{"taxonomy":"product_cat","embeddable":true,"href":"https:\/\/www.audace44.fr\/commande\/wp-json\/wp\/v2\/product_cat?post=6921"},{"taxonomy":"product_tag","embeddable":true,"href":"https:\/\/www.audace44.fr\/commande\/wp-json\/wp\/v2\/product_tag?post=6921"}],"curies":[{"name":"wp","href":"https:\/\/api.w.org\/{rel}","templated":true}]}}