{"id":6931,"date":"2021-12-03T10:15:21","date_gmt":"2021-12-03T09:15:21","guid":{"rendered":"https:\/\/amandineledu.art\/commande\/?post_type=product&#038;p=6931"},"modified":"2025-06-20T09:00:27","modified_gmt":"2025-06-20T07:00:27","slug":"piscine-de-nantes-100-pts","status":"publish","type":"product","link":"https:\/\/www.audace44.fr\/commande\/produit\/piscine-de-nantes-100-pts\/","title":{"rendered":"Piscine de Nantes"},"content":{"rendered":"<p>Bon de 100 points \u00e0 \u00e9changer \u00e0 l'accueil des piscines :<\/p>\n<ul>\n<li>toute nouvelle recharge au cours des 2 ans r\u00e9initialise le d\u00e9lai de validit\u00e9<\/li>\n<li>le d\u00e9compte de points s\u2019effectue \u00e0 chaque entr\u00e9e. Il varie en fonction de la piscine:<\/li>\n<\/ul>\n<table  class=\" table table-hover\" style=\"height: 91px;\" border=\"1\" width=\"655\" cellspacing=\"1\" cellpadding=\"1\">\n<tbody>\n<tr>\n<td style=\"text-align: center;\" colspan=\"3\"><strong>1 entr\u00e9e\u00a0<\/strong><\/td>\n<\/tr>\n<tr>\n<td>La Duranti\u00e8re<br \/>\nLes Dervalli\u00e8res<\/td>\n<td>L\u00e9o-Lagrange<br \/>\nLa Petite-Amazonie<\/td>\n<td>Jules-Verne<br \/>\nLe Petit-Port<\/td>\n<\/tr>\n<tr>\n<td>6 points<\/td>\n<td>8 points<\/td>\n<td>10 points<\/td>\n<\/tr>\n<\/tbody>\n<\/table>\n<p>Par exemple : avec une carte \u00e0 100 points, vous b\u00e9n\u00e9ficiez de 16 entr\u00e9es dans les piscines Duranti\u00e8re et Dervalli\u00e8res, ou 12 entr\u00e9es dans les piscines L\u00e9o-Lagrange et Petite-Amazonie, ou 10 entr\u00e9es dans les piscines Jules-Verne et Petit-Port.<\/p>\n","protected":false},"excerpt":{"rendered":"<p>Cartes de 100 entr\u00e9es pour les piscines de Nantes.<\/p>\n<p>Tarif pour -18 ans, \u00e9tudiants, demandeurs d&#8217;emploi et adulte<\/p>\n","protected":false},"featured_media":8194,"template":"","meta":[],"product_cat":[81,94],"product_tag":[73],"_links":{"self":[{"href":"https:\/\/www.audace44.fr\/commande\/wp-json\/wp\/v2\/product\/6931"}],"collection":[{"href":"https:\/\/www.audace44.fr\/commande\/wp-json\/wp\/v2\/product"}],"about":[{"href":"https:\/\/www.audace44.fr\/commande\/wp-json\/wp\/v2\/types\/product"}],"wp:featuredmedia":[{"embeddable":true,"href":"https:\/\/www.audace44.fr\/commande\/wp-json\/wp\/v2\/media\/8194"}],"wp:attachment":[{"href":"https:\/\/www.audace44.fr\/commande\/wp-json\/wp\/v2\/media?parent=6931"}],"wp:term":[{"taxonomy":"product_cat","embeddable":true,"href":"https:\/\/www.audace44.fr\/commande\/wp-json\/wp\/v2\/product_cat?post=6931"},{"taxonomy":"product_tag","embeddable":true,"href":"https:\/\/www.audace44.fr\/commande\/wp-json\/wp\/v2\/product_tag?post=6931"}],"curies":[{"name":"wp","href":"https:\/\/api.w.org\/{rel}","templated":true}]}}