{"id":6947,"date":"2023-11-05T14:49:47","date_gmt":"2023-11-05T13:49:47","guid":{"rendered":"https:\/\/amandineledu.art\/commande\/?post_type=product&#038;p=6947"},"modified":"2025-09-19T14:18:57","modified_gmt":"2025-09-19T12:18:57","slug":"cinema-eden-ancenis","status":"publish","type":"product","link":"https:\/\/www.audace44.fr\/commande\/produit\/cinema-eden-ancenis\/","title":{"rendered":"Cin\u00e9ma Eden Ancenis"},"content":{"rendered":"<p><b>Cin\u00e9ma Eden \u00e0 Ancenis<\/b><\/p>\n<p>Billets t\u00e9l\u00e9chargeables ou envoy\u00e9s par mail les jours ouvr\u00e9s.<\/p>\n<p>Retrouvez les informations de ce cin\u00e9ma <a href=\"http:\/\/www.cinemaeden3.fr\/\">ICI<\/a><\/p>\n<p>&nbsp;<\/p>\n","protected":false},"excerpt":{"rendered":"<p>CIN\u00c9MA EDEN ANCENIS<br \/>\nE-Billet tout public<br \/>\nPrix public : 7 \u20ac \/ Prix Audace : 5, 50 \u20ac<\/p>\n","protected":false},"featured_media":13153,"template":"","meta":[],"product_cat":[84,75],"product_tag":[74],"_links":{"self":[{"href":"https:\/\/www.audace44.fr\/commande\/wp-json\/wp\/v2\/product\/6947"}],"collection":[{"href":"https:\/\/www.audace44.fr\/commande\/wp-json\/wp\/v2\/product"}],"about":[{"href":"https:\/\/www.audace44.fr\/commande\/wp-json\/wp\/v2\/types\/product"}],"wp:featuredmedia":[{"embeddable":true,"href":"https:\/\/www.audace44.fr\/commande\/wp-json\/wp\/v2\/media\/13153"}],"wp:attachment":[{"href":"https:\/\/www.audace44.fr\/commande\/wp-json\/wp\/v2\/media?parent=6947"}],"wp:term":[{"taxonomy":"product_cat","embeddable":true,"href":"https:\/\/www.audace44.fr\/commande\/wp-json\/wp\/v2\/product_cat?post=6947"},{"taxonomy":"product_tag","embeddable":true,"href":"https:\/\/www.audace44.fr\/commande\/wp-json\/wp\/v2\/product_tag?post=6947"}],"curies":[{"name":"wp","href":"https:\/\/api.w.org\/{rel}","templated":true}]}}