{"id":6953,"date":"2025-12-22T15:02:47","date_gmt":"2025-12-22T14:02:47","guid":{"rendered":"https:\/\/amandineledu.art\/commande\/?post_type=product&#038;p=6953"},"modified":"2026-04-21T12:23:58","modified_gmt":"2026-04-21T10:23:58","slug":"cineville-katorza-nantes","status":"publish","type":"product","link":"https:\/\/www.audace44.fr\/commande\/produit\/cineville-katorza-nantes\/","title":{"rendered":"Cin\u00e9ville-Katorza Nantes"},"content":{"rendered":"<p>Billets valables au Cin\u00e9ville de St S\u00e9bastien sur Loire et au Katorza \u00e0 Nantes<\/p>\n<p><strong>Nouveau,\u00a0 ebillets !\u00a0<\/strong><strong> soit envoy\u00e9s par mail les jours d'ouverture d'Audace, soit t\u00e9l\u00e9chargeables (choisir un billet avec un num\u00e9ro expl: 09PL8) sous r\u00e9serve de stock et apr\u00e8s paiement CB valid\u00e9.<\/strong><\/p>\n<p>Pour l'achat de plusieurs billets t\u00e9l\u00e9chargeables, mettez dans votre panier plusieurs r\u00e9f\u00e9rences.<\/p>\n<p>validit\u00e9\u00a0 minimum\u00a0 23\/09\/26 et 17\/10\/26<\/p>\n<p><strong>Retrouvez toutes les programmations de<a href=\"https:\/\/www.cineville.fr\/\"> Cin\u00e9ville ICI<\/a><\/strong><\/p>\n","protected":false},"excerpt":{"rendered":"<p>CIN\u00c9VILLE-KATORZA NANTES<br \/>\nBillet tout public<br \/>\nPrix public : 9\u20ac \/ Prix Audace : 5\u20ac90<\/p>\n","protected":false},"featured_media":6954,"template":"","meta":[],"product_cat":[84,75],"product_tag":[74,124],"_links":{"self":[{"href":"https:\/\/www.audace44.fr\/commande\/wp-json\/wp\/v2\/product\/6953"}],"collection":[{"href":"https:\/\/www.audace44.fr\/commande\/wp-json\/wp\/v2\/product"}],"about":[{"href":"https:\/\/www.audace44.fr\/commande\/wp-json\/wp\/v2\/types\/product"}],"wp:featuredmedia":[{"embeddable":true,"href":"https:\/\/www.audace44.fr\/commande\/wp-json\/wp\/v2\/media\/6954"}],"wp:attachment":[{"href":"https:\/\/www.audace44.fr\/commande\/wp-json\/wp\/v2\/media?parent=6953"}],"wp:term":[{"taxonomy":"product_cat","embeddable":true,"href":"https:\/\/www.audace44.fr\/commande\/wp-json\/wp\/v2\/product_cat?post=6953"},{"taxonomy":"product_tag","embeddable":true,"href":"https:\/\/www.audace44.fr\/commande\/wp-json\/wp\/v2\/product_tag?post=6953"}],"curies":[{"name":"wp","href":"https:\/\/api.w.org\/{rel}","templated":true}]}}