{"id":6961,"date":"2026-08-30T16:39:04","date_gmt":"2026-08-30T14:39:04","guid":{"rendered":"https:\/\/amandineledu.art\/commande\/?post_type=product&#038;p=6961"},"modified":"2026-09-03T13:51:39","modified_gmt":"2026-09-03T11:51:39","slug":"convention-du-tatouage","status":"publish","type":"product","link":"https:\/\/www.audace44.fr\/commande\/produit\/convention-du-tatouage\/","title":{"rendered":"Convention du tatouage"},"content":{"rendered":"<p>La 20e \u00e9dition de la Convention Internationale de tatouage de Nantes aura lieu les 11,12,13 septembre 2026 au parc des expositions de la Beaujoire.<\/p>\n<p>Vous aurez de nouveau le plaisir de vous faire tatouer par un des 377 artistes talentueux venus des 4 coins de France et du monde, s\u00e9lectionn\u00e9s pour la qualit\u00e9 et l\u2019originalit\u00e9 de leur travail.<\/p>\n<p>Pass 1 jour au choix samedi ou dimanche: 10 \u20ac au lieu de 15 \u20ac<\/p>\n<p>Le vendredi est en tarif r\u00e9duit pour tous \u00e0 10 \u20ac- pas de tarif Audace<\/p>\n","protected":false},"excerpt":{"rendered":"<p>CONVENTION DU TATOUAGE<br \/>\n11,12 et 13 septembre 2026<\/p>\n","protected":false},"featured_media":19404,"template":"","meta":[],"product_cat":[84,93],"product_tag":[74],"_links":{"self":[{"href":"https:\/\/www.audace44.fr\/commande\/wp-json\/wp\/v2\/product\/6961"}],"collection":[{"href":"https:\/\/www.audace44.fr\/commande\/wp-json\/wp\/v2\/product"}],"about":[{"href":"https:\/\/www.audace44.fr\/commande\/wp-json\/wp\/v2\/types\/product"}],"wp:featuredmedia":[{"embeddable":true,"href":"https:\/\/www.audace44.fr\/commande\/wp-json\/wp\/v2\/media\/19404"}],"wp:attachment":[{"href":"https:\/\/www.audace44.fr\/commande\/wp-json\/wp\/v2\/media?parent=6961"}],"wp:term":[{"taxonomy":"product_cat","embeddable":true,"href":"https:\/\/www.audace44.fr\/commande\/wp-json\/wp\/v2\/product_cat?post=6961"},{"taxonomy":"product_tag","embeddable":true,"href":"https:\/\/www.audace44.fr\/commande\/wp-json\/wp\/v2\/product_tag?post=6961"}],"curies":[{"name":"wp","href":"https:\/\/api.w.org\/{rel}","templated":true}]}}

<p>La 20e édition de la Convention Internationale de tatouage de Nantes aura lieu les 11,12,13 septembre 2026 au parc des expositions de la Beaujoire.</p>
<p>Vous aurez de nouveau le plaisir de vous faire tatouer par un des 377 artistes talentueux venus des 4 coins de France et du monde, sélectionnés pour la qualité et l’originalité de leur travail.</p>
<p>Pass 1 jour au choix samedi ou dimanche: 10 € au lieu de 15 €</p>
<p>Le vendredi est en tarif réduit pour tous à 10 €- pas de tarif Audace</p>
