{"id":7035,"date":"2022-08-03T11:37:30","date_gmt":"2022-08-03T09:37:30","guid":{"rendered":"https:\/\/amandineledu.art\/commande\/?post_type=product&#038;p=7035"},"modified":"2026-05-04T14:32:01","modified_gmt":"2026-05-04T12:32:01","slug":"compagnie-oceane","status":"publish","type":"product","link":"https:\/\/www.audace44.fr\/commande\/produit\/compagnie-oceane\/","title":{"rendered":"Compagnie Oc\u00e9ane"},"content":{"rendered":"<p>COMPAGNIE OC\u00c9ANE<br \/>\nBillet aller\/retour (pas forcement le m\u00eame jour) par Adulte (+ 18 ans)<br \/>\nPrix Audace : 29 \u20ac 2025<\/p>\n<p>Gratuit pour les - 4ans<\/p>\n<p><strong>Le voyageur devra obligatoirement r\u00e9server ses travers\u00e9es au moins une semaine avant son d\u00e9part au num\u00e9ro<\/strong><br \/>\n<strong>suivant : 02 97 31 34 45 et pr\u00e9senter le bon d'\u00e9change au guichet avant le d\u00e9part.<\/strong><\/p>\n<p>Site de notre partenaire pour c<a href=\"https:\/\/www.compagnie-oceane.fr\/fr\/accueil\" target=\"_blank\" rel=\"noopener\">onna\u00eetre les horaires: ICI<\/a><\/p>\n","protected":false},"excerpt":{"rendered":"<p>COMPAGNIE OC\u00c9ANE<\/p>\n<p>Billets de travers\u00e9e pour l&#8217;\u00eele de Houat, de Groix, Belle \u00eele et Ho\u00ebdic.<br \/>\nBillet aller\/retour (pas forcement le m\u00eame jour) par Adulte<br \/>\nGratuit &#8211; 4 ans<\/p>\n","protected":false},"featured_media":7036,"template":"","meta":[],"product_cat":[86,96],"product_tag":[73],"_links":{"self":[{"href":"https:\/\/www.audace44.fr\/commande\/wp-json\/wp\/v2\/product\/7035"}],"collection":[{"href":"https:\/\/www.audace44.fr\/commande\/wp-json\/wp\/v2\/product"}],"about":[{"href":"https:\/\/www.audace44.fr\/commande\/wp-json\/wp\/v2\/types\/product"}],"wp:featuredmedia":[{"embeddable":true,"href":"https:\/\/www.audace44.fr\/commande\/wp-json\/wp\/v2\/media\/7036"}],"wp:attachment":[{"href":"https:\/\/www.audace44.fr\/commande\/wp-json\/wp\/v2\/media?parent=7035"}],"wp:term":[{"taxonomy":"product_cat","embeddable":true,"href":"https:\/\/www.audace44.fr\/commande\/wp-json\/wp\/v2\/product_cat?post=7035"},{"taxonomy":"product_tag","embeddable":true,"href":"https:\/\/www.audace44.fr\/commande\/wp-json\/wp\/v2\/product_tag?post=7035"}],"curies":[{"name":"wp","href":"https:\/\/api.w.org\/{rel}","templated":true}]}}