{"id":7502,"date":"2020-08-24T09:04:33","date_gmt":"2020-08-24T07:04:33","guid":{"rendered":"http:\/\/www.audace44.fr\/commande\/?post_type=product&#038;p=7502"},"modified":"2025-07-15T15:03:48","modified_gmt":"2025-07-15T13:03:48","slug":"mister-fly","status":"publish","type":"product","link":"https:\/\/www.audace44.fr\/commande\/produit\/mister-fly\/","title":{"rendered":"MisterFly"},"content":{"rendered":"<p><strong>MISTERFLY<\/strong><\/p>\n<p>Fluide, simple d'utilisation et ergonomique, notre site vous permet de r\u00e9server des vols secs sur plus de 500 compagnies a\u00e9riennes et des h\u00e9bergements parmi un tr\u00e8s large choix d'h\u00f4tels, appart-h\u00f4tels, appartements et locations de vacances \u00e0 travers le monde. Vous pourrez \u00e9galement louer des voitures dans le monde entier aupr\u00e8s de pas moins de 170 loueurs et aussi composer votre propre package vol + h\u00e9bergement.<\/p>\n<p>Vous b\u00e9n\u00e9ficiez de tarifs n\u00e9goci\u00e9s et d'une r\u00e9duction incluse dans les tarifs<\/p>\n<ul>\n<li>Remise cumulable avec les offres promotionnelles<\/li>\n<\/ul>\n<ul>\n<li>Aucun frais de r\u00e9servation<\/li>\n<\/ul>\n<ul>\n<li>Paiement possible en 4 fois<\/li>\n<\/ul>\n<ul>\n<li>Ch\u00e8ques vacances classic et connect accept\u00e9s<\/li>\n<\/ul>\n<ul>\n<li>Options Flex : billets annulables et remboursables sans motif ni justificatif\u00a0( uniquement sur la r\u00e9servation de vols secs)<\/li>\n<\/ul>\n<ul>\n<li>Option Freeze : tarif bloqu\u00e9, place garantie, et la libert\u00e9 de finaliser votre r\u00e9servation jusqu'\u00e0 J-10\u00a0(uniquement sur la r\u00e9servation de vols secs)<\/li>\n<\/ul>\n<ul>\n<li>Les h\u00e9bergements sont r\u00e9servables \u00e0 la nuit\u00e9e<\/li>\n<\/ul>\n<ul>\n<li>Flexibilit\u00e9 h\u00e9bergements et location de voitures : des offres annulables sans frais avant d\u00e9part sont disponibles sur le site.<\/li>\n<\/ul>\n<ul>\n<li>Des tarifs sp\u00e9cifiques sur certaines compagnies a\u00e9riennes<\/li>\n<\/ul>\n<p><u>Nous contacter :<\/u><u>\u202f<\/u><\/p>\n<p>Une question avant de r\u00e9server\u202f? : commercial.cse@misterfly.com<\/p>\n<p>Une question sur votre r\u00e9servation ? : RDV sur votre espace \u201cg\u00e9rer ma r\u00e9servation\u201d accessible depuis votre confirmation de commande ou sur la page d\u2019accueil de notre site<\/p>\n<p>Identifiant: misterfly<\/p>\n<p>mot de passe audace<\/p>\n<p><b>Lien<\/b>\u00a0<strong><u>direct<\/u><\/strong>: <a href=\"https:\/\/ce.misterfly.com\/?login=4br4pnkremstm0vwv7hjn17va05btzau82ggqjeyrqn3gsjnwz\" target=\"_blank\" rel=\"noopener noreferrer\">https:\/\/ce.misterfly.com\/?login=4br4pnkremstm0vwv7hjn17va05btzau82ggqjeyrqn3gsjnwz<\/a>)<\/p>\n<ul>\n<li>Pour contacter le service client (pour une annulation* ou une modification*, poser une question relative aux bagages ou d\u2019ordre g\u00e9n\u00e9ral sur votre r\u00e9servation) ou <strong>pour imprimer votre facture, vos e-billets<\/strong>: rendez-vous sur votre site <strong><a href=\"https:\/\/ce.misterfly.com\/\">misterfly.com<\/a> <\/strong>et cliquer sur le bouton <strong>\u00ab\u00a0G\u00e9rer ma r\u00e9servation\u00a0\u00bb. <\/strong>(*Consulter le <a href=\"https:\/\/fra01.safelinks.protection.outlook.com\/?url=https%3A%2F%2Fhelp-center-ce.misterfly.com%2F&amp;data=05%7C01%7Cstella.cali%40misterfly.com%7C67c007a19a4b43660ab808da85d1bb01%7C39ead9635ea54116ab45396f1520015b%7C0%7C0%7C637969435187769936%7CUnknown%7CTWFpbGZsb3d8eyJWIjoiMC4wLjAwMDAiLCJQIjoiV2luMzIiLCJBTiI6Ik1haWwiLCJXVCI6Mn0%3D%7C3000%7C%7C%7C&amp;sdata=p7IFAWQ6zgC%2FEmo8wASm7uEgmtsk48JjyikCwrx3%2BF8%3D&amp;reserved=0\">Centre d\u2019aide<\/a> pour conna\u00eetre les frais d\u2019intervention sur un dossier).<\/li>\n<li>Ne pas r\u00e9server sur le site public <u><a href=\"https:\/\/www.misterfly.com\/\">com<\/a><\/u> mais <strong><u>uniquement<\/u><\/strong> sur votre site d\u00e9di\u00e9\u00a0: <strong><a href=\"https:\/\/ce.misterfly.com\/\">ce.misterfly.com<\/a> <\/strong>afin d\u2019obtenir votre remise de 2% HT appliqu\u00e9e automatiquement dans les tarifs affich\u00e9s.<\/li>\n<\/ul>\n","protected":false},"excerpt":{"rendered":"<p><strong>MISTER FLY<\/strong><br \/>\n-2 % sur tous les vols.<br \/>\ncompagnies r\u00e9guli\u00e8res et low cost<\/p>\n","protected":false},"featured_media":16987,"template":"","meta":[],"product_cat":[113,86,79],"product_tag":[112],"_links":{"self":[{"href":"https:\/\/www.audace44.fr\/commande\/wp-json\/wp\/v2\/product\/7502"}],"collection":[{"href":"https:\/\/www.audace44.fr\/commande\/wp-json\/wp\/v2\/product"}],"about":[{"href":"https:\/\/www.audace44.fr\/commande\/wp-json\/wp\/v2\/types\/product"}],"wp:featuredmedia":[{"embeddable":true,"href":"https:\/\/www.audace44.fr\/commande\/wp-json\/wp\/v2\/media\/16987"}],"wp:attachment":[{"href":"https:\/\/www.audace44.fr\/commande\/wp-json\/wp\/v2\/media?parent=7502"}],"wp:term":[{"taxonomy":"product_cat","embeddable":true,"href":"https:\/\/www.audace44.fr\/commande\/wp-json\/wp\/v2\/product_cat?post=7502"},{"taxonomy":"product_tag","embeddable":true,"href":"https:\/\/www.audace44.fr\/commande\/wp-json\/wp\/v2\/product_tag?post=7502"}],"curies":[{"name":"wp","href":"https:\/\/api.w.org\/{rel}","templated":true}]}}