{"id":7526,"date":"2021-02-22T11:41:20","date_gmt":"2021-02-22T10:41:20","guid":{"rendered":"http:\/\/www.audace44.fr\/commande\/?post_type=product&#038;p=7526"},"modified":"2024-02-21T12:24:38","modified_gmt":"2024-02-21T11:24:38","slug":"terragora-lodge","status":"publish","type":"product","link":"https:\/\/www.audace44.fr\/commande\/produit\/terragora-lodge\/","title":{"rendered":"Terragora Lodge"},"content":{"rendered":"<p>TERRAGORA LODGE<br \/>\nPartenaire-vacances : -10 % avec la carte adhe\u0301rent Audace<br \/>\nLogements insolites proches du Puy du Fou<br \/>\nB\u00e9n\u00e9ficier de la promotion en pr\u00e9sentant votre appartenance \u00e0 Audace<\/p>\n<p><b>R\u00e9servation \u00e0 faire sur le site avec paiement de l'acompte mais paiement du solde doit s'effectuer sur place pour b\u00e9n\u00e9ficier des 10%.<\/b><\/p>\n<p>Code \u00e0 indiquer au moment du paiement du solde <strong>sur place<\/strong>: AudaceTerragora2021<\/p>\n<p>R\u00e9servation sur le site internet.\u00a0<a href=\"https:\/\/www.terragora-lodges.com\/\" target=\"_blank\" rel=\"noopener noreferrer\">D\u00e9couvrir le site ICI<\/a><\/p>\n","protected":false},"excerpt":{"rendered":"<p>TERRAGORA LODGE<br \/>\n-10 a\u0300 -20 %<br \/>\nLogements insolites proches du Puy du Fou<\/p>\n","protected":false},"featured_media":7527,"template":"","meta":[],"product_cat":[117,86,79],"product_tag":[112],"_links":{"self":[{"href":"https:\/\/www.audace44.fr\/commande\/wp-json\/wp\/v2\/product\/7526"}],"collection":[{"href":"https:\/\/www.audace44.fr\/commande\/wp-json\/wp\/v2\/product"}],"about":[{"href":"https:\/\/www.audace44.fr\/commande\/wp-json\/wp\/v2\/types\/product"}],"wp:featuredmedia":[{"embeddable":true,"href":"https:\/\/www.audace44.fr\/commande\/wp-json\/wp\/v2\/media\/7527"}],"wp:attachment":[{"href":"https:\/\/www.audace44.fr\/commande\/wp-json\/wp\/v2\/media?parent=7526"}],"wp:term":[{"taxonomy":"product_cat","embeddable":true,"href":"https:\/\/www.audace44.fr\/commande\/wp-json\/wp\/v2\/product_cat?post=7526"},{"taxonomy":"product_tag","embeddable":true,"href":"https:\/\/www.audace44.fr\/commande\/wp-json\/wp\/v2\/product_tag?post=7526"}],"curies":[{"name":"wp","href":"https:\/\/api.w.org\/{rel}","templated":true}]}}