{"id":8012,"date":"2021-10-20T09:13:32","date_gmt":"2021-10-20T07:13:32","guid":{"rendered":"https:\/\/www.audace44.fr\/commande\/?post_type=product&#038;p=8012"},"modified":"2026-04-20T15:25:09","modified_gmt":"2026-04-20T13:25:09","slug":"puy-du-fou-cinescenie","status":"publish","type":"product","link":"https:\/\/www.audace44.fr\/commande\/produit\/puy-du-fou-cinescenie\/","title":{"rendered":"Puy du Fou et Cin\u00e9sc\u00e9nie"},"content":{"rendered":"<p><strong>Tarifs 2026<\/strong><\/p>\n<p>Le puy du Fou propose avec certains billets la Cin\u00e9sc\u00e9nie.<\/p>\n<p>Les Billets sont dat\u00e9s, <strong>nous contacter pour v\u00e9rifier la disponibilit\u00e9 avant les commandes.<\/strong><\/p>\n<p>R\u00e9servations de billets uniquement pour le parc 1 ou 2 jours <a href=\"https:\/\/www.audace44.fr\/commande\/produit\/puy-du-fou\/\" target=\"_blank\" rel=\"noopener\">ICI<\/a><\/p>\n<p>Vous avez le choix entre:<\/p>\n<ul>\n<li>des billets Cin\u00e9sc\u00e9nie (sans entr\u00e9es au parc) cat\u00e9gorie bronze, argent et or<\/li>\n<li>des billets combin\u00e9s parc + cin\u00e9sc\u00e9nie. Par d\u00e9faut ces billets sont en cat\u00e9gorie bronze, pour les autres cat\u00e9gories il vous faut ajouter le suppl\u00e9ment correspondant.<\/li>\n<\/ul>\n<p><strong>Attention les r\u00e9servations se font en g\u00e9n\u00e9ral avant le mois de mars, pour plus de disponibilit\u00e9s.<\/strong><\/p>\n<p>&nbsp;<\/p>\n<p>&nbsp;<\/p>\n","protected":false},"excerpt":{"rendered":"<p>Cin\u00e9sc\u00e9nie seule<\/p>\n<p>Cin\u00e9sc\u00e9nie + Entr\u00e9es Puy du Fou<\/p>\n","protected":false},"featured_media":8204,"template":"","meta":[],"product_cat":[119,82,68],"product_tag":[73,74],"_links":{"self":[{"href":"https:\/\/www.audace44.fr\/commande\/wp-json\/wp\/v2\/product\/8012"}],"collection":[{"href":"https:\/\/www.audace44.fr\/commande\/wp-json\/wp\/v2\/product"}],"about":[{"href":"https:\/\/www.audace44.fr\/commande\/wp-json\/wp\/v2\/types\/product"}],"wp:featuredmedia":[{"embeddable":true,"href":"https:\/\/www.audace44.fr\/commande\/wp-json\/wp\/v2\/media\/8204"}],"wp:attachment":[{"href":"https:\/\/www.audace44.fr\/commande\/wp-json\/wp\/v2\/media?parent=8012"}],"wp:term":[{"taxonomy":"product_cat","embeddable":true,"href":"https:\/\/www.audace44.fr\/commande\/wp-json\/wp\/v2\/product_cat?post=8012"},{"taxonomy":"product_tag","embeddable":true,"href":"https:\/\/www.audace44.fr\/commande\/wp-json\/wp\/v2\/product_tag?post=8012"}],"curies":[{"name":"wp","href":"https:\/\/api.w.org\/{rel}","templated":true}]}}