{"id":8868,"date":"2025-11-07T10:32:41","date_gmt":"2025-11-07T09:32:41","guid":{"rendered":"https:\/\/www.audace44.fr\/commande\/?post_type=product&#038;p=8868"},"modified":"2026-01-15T10:56:53","modified_gmt":"2026-01-15T09:56:53","slug":"battlekart","status":"publish","type":"product","link":"https:\/\/www.audace44.fr\/commande\/produit\/battlekart\/","title":{"rendered":"BattleKart"},"content":{"rendered":"<p>Nouveau \u00e0 Saint S\u00e9bastien sur Loire.<\/p>\n<p>Avec BattleKart, vous\u00a0ne jouez pas AU jeu vid\u00e9o, mais DANS le jeu vid\u00e9o !<\/p>\n<p>Imaginez une piste sur laquelle nous projetons diff\u00e9rents circuits et\u00a0modes de jeu, et o\u00f9 vous \u00e9voluez r\u00e9ellement plein gaz \u00e0 bord d\u2019un kart \u00e9lectrique, tout en interagissant avec le d\u00e9cor,\u00a0les bonus, et les autres joueurs.<\/p>\n<p>Joueur taille minimum <strong>1,45m<\/strong><\/p>\n<p><b>validit\u00e9 20\/11\/2026<\/b><\/p>\n<p>Session de 15 min \u00e0 r\u00e9server sur: <a href=\"https:\/\/nantes.battlekart.com\/\" target=\"_blank\" rel=\"noopener noreferrer\">https:\/\/nantes.battlekart.com\/<\/a><\/p>\n<p>Au choix billets <strong>envoy\u00e9s par mail aux jours et horaires d'ouverture d'Audace<\/strong> ou t\u00e9l\u00e9chargeables apr\u00e8s paiement CB valid\u00e9 (choisir un billet avec un code, expl: billet t\u00e9l\u00e9chargeable MMFV).\u00a0Les paiements par virement ne donnent pas acc\u00e8s imm\u00e9diatement aux billets t\u00e9l\u00e9chargeables.<\/p>\n","protected":false},"excerpt":{"rendered":"<p>Battle Kart \u00e0 Saint S\u00e9bastien<\/p>\n<p>Vivez l&#8217;exp\u00e9rience d&#8217;un kart comme un jeu vid\u00e9o.<\/p>\n<p>Billets t\u00e9l\u00e9chargeables ou envoy\u00e9s par mail.<\/p>\n","protected":false},"featured_media":17734,"template":"","meta":[],"product_cat":[81,71],"product_tag":[74,124],"_links":{"self":[{"href":"https:\/\/www.audace44.fr\/commande\/wp-json\/wp\/v2\/product\/8868"}],"collection":[{"href":"https:\/\/www.audace44.fr\/commande\/wp-json\/wp\/v2\/product"}],"about":[{"href":"https:\/\/www.audace44.fr\/commande\/wp-json\/wp\/v2\/types\/product"}],"wp:featuredmedia":[{"embeddable":true,"href":"https:\/\/www.audace44.fr\/commande\/wp-json\/wp\/v2\/media\/17734"}],"wp:attachment":[{"href":"https:\/\/www.audace44.fr\/commande\/wp-json\/wp\/v2\/media?parent=8868"}],"wp:term":[{"taxonomy":"product_cat","embeddable":true,"href":"https:\/\/www.audace44.fr\/commande\/wp-json\/wp\/v2\/product_cat?post=8868"},{"taxonomy":"product_tag","embeddable":true,"href":"https:\/\/www.audace44.fr\/commande\/wp-json\/wp\/v2\/product_tag?post=8868"}],"curies":[{"name":"wp","href":"https:\/\/api.w.org\/{rel}","templated":true}]}}