{"id":8983,"date":"2025-12-22T14:35:06","date_gmt":"2025-12-22T13:35:06","guid":{"rendered":"https:\/\/www.audace44.fr\/commande\/?post_type=product&#038;p=8983"},"modified":"2026-01-18T16:40:24","modified_gmt":"2026-01-18T15:40:24","slug":"trampoline-park","status":"publish","type":"product","link":"https:\/\/www.audace44.fr\/commande\/produit\/trampoline-park\/","title":{"rendered":"Trampoline Park"},"content":{"rendered":"<p>Billet donnant acc\u00e8s \u00e0 l'open Jump pendant 1h sur tout le parc<\/p>\n<p><strong>Nouveau ebillet (envoy\u00e9s par mail) ou t\u00e9l\u00e9chargeables (voir stock).<\/strong><\/p>\n<p>Pour les billets t\u00e9l\u00e9chargeables choisir un billet avec un num\u00e9ro (expl: ebillet 879M), pour plusieurs tickets choisir plusieurs num\u00e9ros.<\/p>\n<p>Tarif Audace 11,50 \u20ac<\/p>\n<p>validit\u00e9 des ebillets : 11\/10\/26<\/p>\n<p>La salle de trampoline est le lieu id\u00e9al pour venir vous amuser, vous \u00e9clater, vous challenger et faire de vos f\u00eates un moment inoubliable. Venez f\u00eater l'anniversaire de votre enfant, souder vos \u00e9quipes autour d'un team building, organiser un EVG ou un EVJF inoubliable ou simplement vous d\u00e9fouler en d\u00e9fiant les lois de la gravit\u00e9\u00a0!<\/p>\n<p>Chaque Trampoline Park indoor vous propose une salle de jeux de plus de 1500m\u00b2 rassemblant tous types de trampolines (inclin\u00e9s, mini-trampolines, Walking Wall\u2026).<\/p>\n<p>De 3 \u00e0 99 ans*, par tous les temps, venez d\u00e9couvrir tous les espaces de jeux dans une salle de trampoline nouvelle g\u00e9n\u00e9ration pour toujours plus de fun et de sensations\u00a0!<br \/>\n*Les enfants de 3 \u00e0 5 ans doivent \u00eatre accompagn\u00e9s d'un adulte jumper. Voir horaires selon les parcs.<\/p>\n","protected":false},"excerpt":{"rendered":"<p>Trampoline Park<\/p>\n<p>St Herblain<\/p>\n","protected":false},"featured_media":8984,"template":"","meta":[],"product_cat":[81,71],"product_tag":[74,124],"_links":{"self":[{"href":"https:\/\/www.audace44.fr\/commande\/wp-json\/wp\/v2\/product\/8983"}],"collection":[{"href":"https:\/\/www.audace44.fr\/commande\/wp-json\/wp\/v2\/product"}],"about":[{"href":"https:\/\/www.audace44.fr\/commande\/wp-json\/wp\/v2\/types\/product"}],"wp:featuredmedia":[{"embeddable":true,"href":"https:\/\/www.audace44.fr\/commande\/wp-json\/wp\/v2\/media\/8984"}],"wp:attachment":[{"href":"https:\/\/www.audace44.fr\/commande\/wp-json\/wp\/v2\/media?parent=8983"}],"wp:term":[{"taxonomy":"product_cat","embeddable":true,"href":"https:\/\/www.audace44.fr\/commande\/wp-json\/wp\/v2\/product_cat?post=8983"},{"taxonomy":"product_tag","embeddable":true,"href":"https:\/\/www.audace44.fr\/commande\/wp-json\/wp\/v2\/product_tag?post=8983"}],"curies":[{"name":"wp","href":"https:\/\/api.w.org\/{rel}","templated":true}]}}