{"id":9152,"date":"2026-01-03T08:24:05","date_gmt":"2026-01-03T07:24:05","guid":{"rendered":"https:\/\/www.audace44.fr\/commande\/?post_type=product&#038;p=9152"},"modified":"2026-04-20T12:23:36","modified_gmt":"2026-04-20T10:23:36","slug":"caliceo-balneo-10h2h-promo","status":"publish","type":"product","link":"https:\/\/www.audace44.fr\/commande\/produit\/caliceo-balneo-10h2h-promo\/","title":{"rendered":"Calic\u00e9o Baln\u00e9o 10h+2h promo"},"content":{"rendered":"<p>Carte tempo de 10h + 2h pour entr\u00e9e au centre et cours d'aquagym<br \/>\nEnvoy\u00e9 en e-billet ou t\u00e9l\u00e9chargeable ( en fonction du stock).<\/p>\n<p>Prix public pour 10H 92 \u20ac et <strong>82 \u20ac pour 12h avec Audace<\/strong><br \/>\nBillet \u00e0 \u00e9changer \u00e0 l'accueil pour recharger une carte ou en cr\u00e9er une. L'utilisation de cette carte vous permettra d'utiliser ces heures \u00e0 la minute pr\u00e8s lors de vos visites \u00e0 Calic\u00e9o.<\/p>\n<p>Valables uniquement dans les centres de Pau, Bordeaux, Lyon, Nantes, Toulouse et Perpignan<\/p>\n<p>Offre flash jusqu'\u00e0 \u00e9puisement du stock.<\/p>\n<p>Validit\u00e9 minimum mars 2027<\/p>\n<p><strong><u>Les offres s\u2019appliquent \u00e9galement pour tous les centres Calic\u00e9o dont St-Cyr-L \u2019Ecole, Carr\u00e9 S\u00e9nart et Cormeilles-en-Parisis<\/u>, avec une tarification diff\u00e9rente. Nous contacter<\/strong><\/p>\n<p>&nbsp;<\/p>\n","protected":false},"excerpt":{"rendered":"<p>Carte Tempo 10h + 2h promo<\/p>\n<p>Offre Flash jusqu&#8217;\u00e0 \u00e9puisement du stock<\/p>\n<p>&nbsp;<\/p>\n","protected":false},"featured_media":16310,"template":"","meta":[],"product_cat":[15],"product_tag":[74,124],"_links":{"self":[{"href":"https:\/\/www.audace44.fr\/commande\/wp-json\/wp\/v2\/product\/9152"}],"collection":[{"href":"https:\/\/www.audace44.fr\/commande\/wp-json\/wp\/v2\/product"}],"about":[{"href":"https:\/\/www.audace44.fr\/commande\/wp-json\/wp\/v2\/types\/product"}],"wp:featuredmedia":[{"embeddable":true,"href":"https:\/\/www.audace44.fr\/commande\/wp-json\/wp\/v2\/media\/16310"}],"wp:attachment":[{"href":"https:\/\/www.audace44.fr\/commande\/wp-json\/wp\/v2\/media?parent=9152"}],"wp:term":[{"taxonomy":"product_cat","embeddable":true,"href":"https:\/\/www.audace44.fr\/commande\/wp-json\/wp\/v2\/product_cat?post=9152"},{"taxonomy":"product_tag","embeddable":true,"href":"https:\/\/www.audace44.fr\/commande\/wp-json\/wp\/v2\/product_tag?post=9152"}],"curies":[{"name":"wp","href":"https:\/\/api.w.org\/{rel}","templated":true}]}}