{"id":9223,"date":"2024-12-09T11:18:02","date_gmt":"2024-12-09T10:18:02","guid":{"rendered":"https:\/\/www.audace44.fr\/commande\/?post_type=product&#038;p=9223"},"modified":"2025-07-22T15:33:34","modified_gmt":"2025-07-22T13:33:34","slug":"caliceo-vitalite","status":"publish","type":"product","link":"https:\/\/www.audace44.fr\/commande\/produit\/caliceo-vitalite\/","title":{"rendered":"Calic\u00e9o s\u00e9ances Vitalit\u00e9"},"content":{"rendered":"<p>Disponibles en e-billet (les jours ouvr\u00e9s) et t\u00e9l\u00e9chargeables (suivant stock).<\/p>\n<p>Pour des commandes multiples privil\u00e9giez l'envoi par mail.<\/p>\n<p>Les forfaits Vitalit\u00e9 de Calic\u00e9o sont valables pour des r\u00e9servations de s\u00e9ances d'aquatraining, aquabiking et\/ou aquapilates.<\/p>\n<p>Non valables pour les s\u00e9ances d'aquagym (forfait baln\u00e9o).<\/p>\n<p>Les pass promos sont en g\u00e9n\u00e9ral \u00e0 acheter au moment de l'op\u00e9ration. Ils sont ensuite valables 1 an.<\/p>\n<p>&nbsp;<\/p>\n","protected":false},"excerpt":{"rendered":"<p><b>Pour les s\u00e9ances d&#8217;aquabike \/ aquapilates \/ aquatraining<\/b><\/p>\n<p>e-billets envoy\u00e9s par mail ou t\u00e9l\u00e9chargeables<\/p>\n<p>&nbsp;<\/p>\n<p>&nbsp;<\/p>\n<p>&nbsp;<\/p>\n","protected":false},"featured_media":16308,"template":"","meta":[],"product_cat":[81,95],"product_tag":[74],"_links":{"self":[{"href":"https:\/\/www.audace44.fr\/commande\/wp-json\/wp\/v2\/product\/9223"}],"collection":[{"href":"https:\/\/www.audace44.fr\/commande\/wp-json\/wp\/v2\/product"}],"about":[{"href":"https:\/\/www.audace44.fr\/commande\/wp-json\/wp\/v2\/types\/product"}],"wp:featuredmedia":[{"embeddable":true,"href":"https:\/\/www.audace44.fr\/commande\/wp-json\/wp\/v2\/media\/16308"}],"wp:attachment":[{"href":"https:\/\/www.audace44.fr\/commande\/wp-json\/wp\/v2\/media?parent=9223"}],"wp:term":[{"taxonomy":"product_cat","embeddable":true,"href":"https:\/\/www.audace44.fr\/commande\/wp-json\/wp\/v2\/product_cat?post=9223"},{"taxonomy":"product_tag","embeddable":true,"href":"https:\/\/www.audace44.fr\/commande\/wp-json\/wp\/v2\/product_tag?post=9223"}],"curies":[{"name":"wp","href":"https:\/\/api.w.org\/{rel}","templated":true}]}}