{"id":9362,"date":"2025-11-23T14:00:32","date_gmt":"2025-11-23T13:00:32","guid":{"rendered":"https:\/\/www.audace44.fr\/commande\/?post_type=product&#038;p=9362"},"modified":"2026-02-05T11:36:57","modified_gmt":"2026-02-05T10:36:57","slug":"les-escales-a-st-nazaire","status":"publish","type":"product","link":"https:\/\/www.audace44.fr\/commande\/produit\/les-escales-a-st-nazaire\/","title":{"rendered":"Les Escales \u00e0 St Nazaire 2026"},"content":{"rendered":"<p style=\"margin: 0cm; margin-bottom: .0001pt; line-height: 15.75pt;\"><span style=\"font-size: 10.5pt; font-family: 'Arial',sans-serif; color: #555555; letter-spacing: .75pt;\">Le Festival les Escales se d\u00e9roulera les 24,25 et 26 juillet 2026 sur l'\u00cele du Petit Maroc, port de Saint-Nazaire.<\/span><\/p>\n<p>ebillets 1 jour et 2 jours<\/p>\n<p>\ud83d\udc83 <strong>DIMANCHE 26 JUILLET : PLACE \u00c0 LA F\u00caTE<\/strong><br \/>\nCette ann\u00e9e, le dimanche sera enti\u00e8rement d\u00e9di\u00e9 \u00e0 la <strong>musique \u00e0 danser sous toutes ses formes<\/strong>, de midi \u00e0 la tomb\u00e9e de la nuit, dans une ambiance festive et <strong>\u00e0 prix tout doux<\/strong>.<\/p>\n<p>Tarifs Audace sous r\u00e9serve de stock,<strong> nous pr\u00e9ciser le ou les jours au moment de la commande:<\/strong><\/p>\n<ul>\n<li>Pass 1 jour Vendredi 24\/07 ou Samedi 25\/07 : 46.50 \u20ac ( m\u00eame tarif qu'en 2025)<\/li>\n<li>Pass 2 jour vendredi + Samedi : 76 \u20ac ( m\u00eame tarif qu'en 2025)<\/li>\n<li>Pass Dimanche : 16 \u20ac\u00a0 \u00a0 \u00a0 \u00a0 \u00a0 12-17 ans: 11\u20ac<\/li>\n<\/ul>\n<p>&nbsp;<\/p>\n<p><strong>Pour l'achat des billets accessibilit\u00e9 et jeunes 12-17 ans, nous contacter<\/strong><\/p>\n<p>1 jour accessibilit\u00e9 (demandeur d'emploi\/personne en situation de handicap\/b\u00e9n\u00e9ficiaire CCAS) vendredi ou samedi 37 \u20ac<\/p>\n<p>1 jour 12-17 ans (vendredi ou samedi):\u00a0 38 \u20ac<\/p>\n<p>Enfant de - 12 ans gratuit sur pr\u00e9sentation d'une carte d'identit\u00e9 ou du livret de famille.<\/p>\n<p><strong>Voici le lien pour la programmation :<br \/>\n<a href=\"https:\/\/www.festival-les-escales.com\/programmation\/\" target=\"_blank\" rel=\"noopener\">https:\/\/www.festival-les-escales.com\/programmation\/<\/a><\/strong><\/p>\n<p>&nbsp;<\/p>\n","protected":false},"excerpt":{"rendered":"<p>Festival Les Escales \u00e0 St Nazaire<\/p>\n<p><span style=\"font-size: 10.5pt; font-family: 'Arial',sans-serif; color: #555555; letter-spacing: .75pt;\">24,25 et 26 juillet 2026<\/span><\/p>\n","protected":false},"featured_media":15931,"template":"","meta":[],"product_cat":[119,84],"product_tag":[],"_links":{"self":[{"href":"https:\/\/www.audace44.fr\/commande\/wp-json\/wp\/v2\/product\/9362"}],"collection":[{"href":"https:\/\/www.audace44.fr\/commande\/wp-json\/wp\/v2\/product"}],"about":[{"href":"https:\/\/www.audace44.fr\/commande\/wp-json\/wp\/v2\/types\/product"}],"wp:featuredmedia":[{"embeddable":true,"href":"https:\/\/www.audace44.fr\/commande\/wp-json\/wp\/v2\/media\/15931"}],"wp:attachment":[{"href":"https:\/\/www.audace44.fr\/commande\/wp-json\/wp\/v2\/media?parent=9362"}],"wp:term":[{"taxonomy":"product_cat","embeddable":true,"href":"https:\/\/www.audace44.fr\/commande\/wp-json\/wp\/v2\/product_cat?post=9362"},{"taxonomy":"product_tag","embeddable":true,"href":"https:\/\/www.audace44.fr\/commande\/wp-json\/wp\/v2\/product_tag?post=9362"}],"curies":[{"name":"wp","href":"https:\/\/api.w.org\/{rel}","templated":true}]}}