{"id":9717,"date":"2022-05-10T12:11:41","date_gmt":"2022-05-10T10:11:41","guid":{"rendered":"https:\/\/www.audace44.fr\/commande\/?post_type=product&#038;p=9717"},"modified":"2024-06-27T15:19:26","modified_gmt":"2024-06-27T13:19:26","slug":"le-boat","status":"publish","type":"product","link":"https:\/\/www.audace44.fr\/commande\/produit\/le-boat\/","title":{"rendered":"Le Boat"},"content":{"rendered":"<p><strong>LE BOAT<\/strong><\/p>\n<p>Profitez de 15% de remise sp\u00e9ciale non cumulable avec les offres en cours.<\/p>\n<p>Valable sur tous les bateaux de gamme standard et confort, sur toutes les destinations sauf Italie.<\/p>\n<p>Code \u00e0 transmettre au moment de la commande: <strong>CEAS<\/strong><\/p>\n<p>R\u00e9servation sur le site<a href=\"https:\/\/www.leboat.fr\/?_gl=1*t1vpfh*_up*MQ..&amp;gclid=CjwKCAjwm_SzBhAsEiwAXE2Cv241wYC8OYiqPlosSglkUxcpgLq9BDq0b66koysLigEEbKycKt62ShoC6NsQAvD_BwE\" target=\"_blank\" rel=\"noopener\"> Le Boat<\/a> ou au 04 68 94 42 80<\/p>\n<p>Certaines offres ponctuelles sur le site Le Boat peuvent \u00eatre plus int\u00e9ressante que les 15 % de remise.<\/p>\n<p style=\"font-weight: 400;\">Actuellement il y a des remises jusqu\u2019\u00e0 25% pour cet \u00e9t\u00e9 2024 et pour la saison 2025, jusqu\u2019\u00e0 -25% de remise de r\u00e9servation anticip\u00e9e selon la cat\u00e9gorie et les dates r\u00e9serv\u00e9es.<\/p>\n","protected":false},"excerpt":{"rendered":"<p>Le boat -15 %<\/p>\n<p>Locations de bateaux croisi\u00e8res<\/p>\n<p>&nbsp;<\/p>\n","protected":false},"featured_media":9719,"template":"","meta":[],"product_cat":[86,79,96],"product_tag":[],"_links":{"self":[{"href":"https:\/\/www.audace44.fr\/commande\/wp-json\/wp\/v2\/product\/9717"}],"collection":[{"href":"https:\/\/www.audace44.fr\/commande\/wp-json\/wp\/v2\/product"}],"about":[{"href":"https:\/\/www.audace44.fr\/commande\/wp-json\/wp\/v2\/types\/product"}],"wp:featuredmedia":[{"embeddable":true,"href":"https:\/\/www.audace44.fr\/commande\/wp-json\/wp\/v2\/media\/9719"}],"wp:attachment":[{"href":"https:\/\/www.audace44.fr\/commande\/wp-json\/wp\/v2\/media?parent=9717"}],"wp:term":[{"taxonomy":"product_cat","embeddable":true,"href":"https:\/\/www.audace44.fr\/commande\/wp-json\/wp\/v2\/product_cat?post=9717"},{"taxonomy":"product_tag","embeddable":true,"href":"https:\/\/www.audace44.fr\/commande\/wp-json\/wp\/v2\/product_tag?post=9717"}],"curies":[{"name":"wp","href":"https:\/\/api.w.org\/{rel}","templated":true}]}}