{"id":9971,"date":"2022-05-19T11:19:45","date_gmt":"2022-05-19T09:19:45","guid":{"rendered":"https:\/\/www.audace44.fr\/commande\/?post_type=product&#038;p=9971"},"modified":"2025-01-28T15:18:34","modified_gmt":"2025-01-28T14:18:34","slug":"boomrang-experience","status":"publish","type":"product","link":"https:\/\/www.audace44.fr\/commande\/produit\/boomrang-experience\/","title":{"rendered":"Boomrang Gifts"},"content":{"rendered":"<p><b>Boomrang gifts <\/b><span style=\"font-weight: 400;\">est une entreprise de coffrets cadeaux immersifs. Nos offres sont des exp\u00e9riences \u00e0 vivre ou \u00e0 offrir partout en France ! Passion, transparence et proximit\u00e9 et satisfaction sont nos principales qualit\u00e9s.\u00a0<\/span><\/p>\n<p>10 % de r\u00e9ductions avec Audace code promo: AUDABOOM<\/p>\n<p>D\u00e9couvrez l'univers Boomerang et les exp\u00e9riences insolites: <strong><a href=\"https:\/\/boomrang.gifts\/\" target=\"_blank\" rel=\"noopener noreferrer\">ICI<\/a><\/strong><\/p>\n<p><span style=\"font-weight: 400;\">On a s\u00e9lectionn\u00e9 divers univers avec maintes exp\u00e9riences et derri\u00e8re chacune d\u2019entre elles, se cache un.e expert.e. On a \u00e0 c\u0153ur de vous faire partager nos passions avec des offres qualitatives.\u00a0<\/span><\/p>\n<p><b>Boomrang gifts<\/b><span style=\"font-weight: 400;\"> c\u2019est des exp\u00e9riences que l\u2019on est fier d\u2019offrir \u00e0 ses proches et qu\u2019ils voudront offrir en retour !\u00a0<\/span><\/p>\n<p>A vous de choisir votre coach !<\/p>\n<p><span style=\"font-weight: 400;\">\ud83d\udc49\u00a0 <\/span><b>Boom Escape :<\/b><span style=\"font-weight: 400;\"> des aventures escape games 5 \u00e0 6 personnes e-billet en stock<\/span><\/p>\n<p><span style=\"font-weight: 400;\">\ud83d\udc49\u00a0 <\/span><b>Boom VR :<\/b><span style=\"font-weight: 400;\"> de la r\u00e9alit\u00e9 virtuelle et des sensations\u00a0<\/span><\/p>\n<p><span style=\"font-weight: 400;\">\ud83d\udc49\u00a0 <\/span><b>Boom Frisson :<\/b><span style=\"font-weight: 400;\"> des sauts en parachute et des sauts \u00e0 l\u2019\u00e9lastique\u00a0<\/span><\/p>\n<p><span style=\"font-weight: 400;\">\ud83d\udc49\u00a0 <\/span><b>Boom Insolite : <\/b><span style=\"font-weight: 400;\">des visites qui vous feront d\u00e9couvrir les villes autrement\u00a0<\/span><\/p>\n<p>Validit\u00e9 de 99 ans !<\/p>\n<p>&nbsp;<\/p>\n","protected":false},"excerpt":{"rendered":"<p>Coffrets cadeaux immersifs<\/p>\n<p>Exp\u00e9rience de r\u00e9alit\u00e9 virtuelle, coaching cuisine\/ jeux vid\u00e9os\/ poker, escape game&#8230;.<\/p>\n<p>10 % de r\u00e9ductions<\/p>\n","protected":false},"featured_media":9367,"template":"","meta":[],"product_cat":[97,121,83,81,71],"product_tag":[74],"_links":{"self":[{"href":"https:\/\/www.audace44.fr\/commande\/wp-json\/wp\/v2\/product\/9971"}],"collection":[{"href":"https:\/\/www.audace44.fr\/commande\/wp-json\/wp\/v2\/product"}],"about":[{"href":"https:\/\/www.audace44.fr\/commande\/wp-json\/wp\/v2\/types\/product"}],"wp:featuredmedia":[{"embeddable":true,"href":"https:\/\/www.audace44.fr\/commande\/wp-json\/wp\/v2\/media\/9367"}],"wp:attachment":[{"href":"https:\/\/www.audace44.fr\/commande\/wp-json\/wp\/v2\/media?parent=9971"}],"wp:term":[{"taxonomy":"product_cat","embeddable":true,"href":"https:\/\/www.audace44.fr\/commande\/wp-json\/wp\/v2\/product_cat?post=9971"},{"taxonomy":"product_tag","embeddable":true,"href":"https:\/\/www.audace44.fr\/commande\/wp-json\/wp\/v2\/product_tag?post=9971"}],"curies":[{"name":"wp","href":"https:\/\/api.w.org\/{rel}","templated":true}]}}